CRAN Package Check Results for Package GDAtools

Last updated on 2024-07-15 06:49:26 CEST.

Flavor Version Tinstall Tcheck Ttotal Status Flags
r-devel-linux-x86_64-debian-clang 2.1 14.54 232.78 247.32 OK
r-devel-linux-x86_64-debian-gcc 2.1 12.35 169.11 181.46 OK
r-devel-linux-x86_64-fedora-clang 2.1 321.39 OK
r-devel-linux-x86_64-fedora-gcc 2.1 299.47 OK
r-devel-windows-x86_64 2.1 17.00 194.00 211.00 NOTE
r-patched-linux-x86_64 2.1 24.82 226.63 251.45 OK
r-release-linux-x86_64 2.1 14.16 225.63 239.79 OK
r-release-macos-arm64 2.1 85.00 OK
r-release-macos-x86_64 2.1 123.00 OK
r-release-windows-x86_64 2.1 18.00 193.00 211.00 OK
r-oldrel-macos-arm64 2.1 91.00 OK
r-oldrel-macos-x86_64 2.1 197.00 OK
r-oldrel-windows-x86_64 2.1 23.00 245.00 268.00 OK

Check Details

Version: 2.1
Check: Rd cross-references
Result: NOTE Found the following Rd file(s) with Rd \link{} targets missing package anchors: angles.csa.Rd: MCA dimdescr.Rd: dimdesc medoids.Rd: cluster, pam modif.rate.Rd: MCA Please provide package anchors for all Rd \link{} targets not in the package itself and the base packages. Flavor: r-devel-windows-x86_64