CRAN Package Check Results for Package GEEaSPU

Last updated on 2022-10-04 06:56:24 CEST.

Flavor Version Tinstall Tcheck Ttotal Status Flags
r-devel-linux-x86_64-debian-clang 1.0.2 43.45 30.83 74.28 OK
r-devel-linux-x86_64-debian-gcc 1.0.2 35.74 24.38 60.12 OK
r-devel-linux-x86_64-fedora-clang 1.0.2 122.14 NOTE
r-devel-linux-x86_64-fedora-gcc 1.0.2 113.86 NOTE
r-devel-windows-x86_64 1.0.2 37.00 87.00 124.00 OK
r-patched-linux-x86_64 1.0.2 41.68 29.81 71.49 OK
r-release-linux-x86_64 1.0.2 36.69 30.11 66.80 OK
r-release-macos-arm64 1.0.2 33.00 OK
r-release-macos-x86_64 1.0.2 44.00 OK
r-release-windows-x86_64 1.0.2 56.00 78.00 134.00 OK
r-oldrel-macos-arm64 1.0.2 36.00 NOTE
r-oldrel-macos-x86_64 1.0.2 61.00 OK
r-oldrel-windows-ix86+x86_64 1.0.2 109.00 87.00 196.00 OK

Check Details

Version: 1.0.2
Check: compiled code
Result: NOTE
    File ‘GEEaSPU/libs/GEEaSPU.so’:
     Found no calls to: ‘R_registerRoutines’, ‘R_useDynamicSymbols’
    
    It is good practice to register native routines and to disable symbol
    search.
    
    See ‘Writing portable packages’ in the ‘Writing R Extensions’ manual.
Flavors: r-devel-linux-x86_64-fedora-clang, r-devel-linux-x86_64-fedora-gcc

Version: 1.0.2
Check: installed package size
Result: NOTE
     installed size is 5.1Mb
     sub-directories of 1Mb or more:
     libs 5.0Mb
Flavor: r-oldrel-macos-arm64