CRAN Package Check Results for Package GEEmediate

Last updated on 2022-10-04 06:56:24 CEST.

Flavor Version Tinstall Tcheck Ttotal Status Flags
r-devel-linux-x86_64-debian-clang 1.1.3 2.13 22.77 24.90 NOTE
r-devel-linux-x86_64-debian-gcc 1.1.3 1.86 17.31 19.17 NOTE
r-devel-linux-x86_64-fedora-clang 1.1.3 41.13 NOTE
r-devel-linux-x86_64-fedora-gcc 1.1.3 41.16 NOTE
r-devel-windows-x86_64 1.1.3 10.00 47.00 57.00 NOTE
r-patched-linux-x86_64 1.1.3 1.81 21.63 23.44 NOTE
r-release-linux-x86_64 1.1.3 2.41 21.44 23.85 NOTE
r-release-macos-arm64 1.1.3 14.00 NOTE
r-release-macos-x86_64 1.1.3 21.00 NOTE
r-release-windows-x86_64 1.1.3 10.00 45.00 55.00 NOTE
r-oldrel-macos-arm64 1.1.3 19.00 NOTE
r-oldrel-macos-x86_64 1.1.3 25.00 NOTE
r-oldrel-windows-ix86+x86_64 1.1.3 5.00 45.00 50.00 NOTE

Check Details

Version: 1.1.3
Check: LazyData
Result: NOTE
     'LazyData' is specified without a 'data' directory
Flavors: r-devel-linux-x86_64-debian-clang, r-devel-linux-x86_64-debian-gcc, r-devel-linux-x86_64-fedora-clang, r-devel-linux-x86_64-fedora-gcc, r-devel-windows-x86_64, r-patched-linux-x86_64, r-release-linux-x86_64, r-release-macos-arm64, r-release-macos-x86_64, r-release-windows-x86_64, r-oldrel-macos-arm64, r-oldrel-macos-x86_64, r-oldrel-windows-ix86+x86_64