Last updated on 2023-03-20 05:52:11 CET.
Flavor | Version | Tinstall | Tcheck | Ttotal | Status | Flags |
---|---|---|---|---|---|---|
r-devel-linux-x86_64-debian-clang | 1.5.3 | OK | ||||
r-devel-linux-x86_64-debian-gcc | 1.5.3 | 5.70 | 37.60 | 43.30 | OK | |
r-devel-linux-x86_64-fedora-clang | 1.5.3 | 70.74 | NOTE | |||
r-devel-linux-x86_64-fedora-gcc | 1.5.3 | 77.34 | OK | |||
r-devel-windows-x86_64 | 1.5.3 | 41.00 | 91.00 | 132.00 | OK | |
r-patched-linux-x86_64 | 1.5.3 | 6.94 | 49.22 | 56.16 | OK | |
r-release-linux-x86_64 | 1.5.3 | 5.70 | 49.44 | 55.14 | OK | |
r-release-macos-arm64 | 1.5.3 | 31.00 | OK | |||
r-release-macos-x86_64 | 1.5.3 | 36.00 | OK | |||
r-release-windows-x86_64 | 1.5.3 | 72.00 | 88.00 | 160.00 | OK | |
r-oldrel-macos-arm64 | 1.5.3 | 34.00 | OK | |||
r-oldrel-macos-x86_64 | 1.5.3 | 40.00 | OK | |||
r-oldrel-windows-ix86+x86_64 | 1.5.3 | 13.00 | 79.00 | 92.00 | OK |
Version: 1.5.3
Check: Rd cross-references
Result: NOTE
Undeclared package ‘mmap’ in Rd xrefs
Flavor: r-devel-linux-x86_64-fedora-clang