Last updated on 2023-03-30 06:53:15 CEST.
Flavor | Version | Tinstall | Tcheck | Ttotal | Status | Flags |
---|---|---|---|---|---|---|
r-devel-linux-x86_64-debian-clang | 1.5.1 | 8.16 | 63.79 | 71.95 | NOTE | |
r-devel-linux-x86_64-debian-gcc | 1.5.1 | 6.81 | 48.98 | 55.79 | NOTE | |
r-devel-linux-x86_64-fedora-clang | 1.5.1 | 90.23 | NOTE | |||
r-devel-linux-x86_64-fedora-gcc | 1.5.1 | 96.12 | NOTE | |||
r-devel-windows-x86_64 | 1.5.1 | 98.00 | 97.00 | 195.00 | NOTE | |
r-patched-linux-x86_64 | 1.5.1 | 7.39 | 60.65 | 68.04 | NOTE | |
r-release-linux-x86_64 | 1.5.1 | 7.25 | 64.68 | 71.93 | NOTE | |
r-release-macos-arm64 | 1.5.1 | 59.00 | NOTE | |||
r-release-macos-x86_64 | 1.5.1 | 64.00 | NOTE | |||
r-release-windows-x86_64 | 1.5.1 | 71.00 | 102.00 | 173.00 | NOTE | |
r-oldrel-macos-arm64 | 1.5.1 | 52.00 | NOTE | |||
r-oldrel-macos-x86_64 | 1.5.1 | 61.00 | NOTE | |||
r-oldrel-windows-ix86+x86_64 | 1.5.1 | 19.00 | 88.00 | 107.00 | NOTE |
Version: 1.5.1
Check: LazyData
Result: NOTE
'LazyData' is specified without a 'data' directory
Flavors: r-devel-linux-x86_64-debian-clang, r-devel-linux-x86_64-debian-gcc, r-devel-linux-x86_64-fedora-clang, r-devel-linux-x86_64-fedora-gcc, r-devel-windows-x86_64, r-patched-linux-x86_64, r-release-linux-x86_64, r-release-macos-arm64, r-release-macos-x86_64, r-release-windows-x86_64, r-oldrel-macos-arm64, r-oldrel-macos-x86_64, r-oldrel-windows-ix86+x86_64