CRAN Package Check Results for Package GIGrvg

Last updated on 2020-09-25 06:49:59 CEST.

Flavor Version Tinstall Tcheck Ttotal Status Flags
r-devel-linux-x86_64-debian-clang 0.5 2.35 20.34 22.69 OK
r-devel-linux-x86_64-debian-gcc 0.5 2.08 16.13 18.21 OK
r-devel-linux-x86_64-fedora-clang 0.5 37.25 NOTE
r-devel-linux-x86_64-fedora-gcc 0.5 30.37 OK
r-devel-windows-ix86+x86_64 0.5 8.00 45.00 53.00 OK
r-patched-linux-x86_64 0.5 2.46 19.98 22.44 OK
r-patched-solaris-x86 0.5 42.90 OK
r-release-linux-x86_64 0.5 2.11 20.00 22.11 OK
r-release-macos-x86_64 0.5 OK
r-release-windows-ix86+x86_64 0.5 8.00 36.00 44.00 OK
r-oldrel-macos-x86_64 0.5 OK
r-oldrel-windows-ix86+x86_64 0.5 8.00 54.00 62.00 OK

Check Details

Version: 0.5
Check: Rd cross-references
Result: NOTE
    Undeclared packages ‘Runuran’, ‘ghyp’ in Rd xrefs
Flavor: r-devel-linux-x86_64-fedora-clang