CRAN Package Check Results for Package GIGrvg

Last updated on 2020-11-28 06:49:24 CET.

Flavor Version Tinstall Tcheck Ttotal Status Flags
r-devel-linux-x86_64-debian-clang 0.5 2.85 21.91 24.76 OK
r-devel-linux-x86_64-debian-gcc 0.5 2.24 17.20 19.44 OK
r-devel-linux-x86_64-fedora-clang 0.5 37.60 NOTE
r-devel-linux-x86_64-fedora-gcc 0.5 28.02 OK
r-devel-windows-ix86+x86_64 0.5 8.00 45.00 53.00 OK
r-patched-linux-x86_64 0.5 3.01 21.21 24.22 OK
r-patched-solaris-x86 0.5 42.20 OK
r-release-linux-x86_64 0.5 3.03 21.88 24.91 OK
r-release-macos-x86_64 0.5 OK
r-release-windows-ix86+x86_64 0.5 7.00 44.00 51.00 OK
r-oldrel-macos-x86_64 0.5 OK
r-oldrel-windows-ix86+x86_64 0.5 8.00 54.00 62.00 OK

Check Details

Version: 0.5
Check: Rd cross-references
Result: NOTE
    Undeclared packages ‘Runuran’, ‘ghyp’ in Rd xrefs
Flavor: r-devel-linux-x86_64-fedora-clang