Last updated on 2025-01-19 06:48:23 CET.
Flavor | Version | Tinstall | Tcheck | Ttotal | Status | Flags |
---|---|---|---|---|---|---|
r-devel-linux-x86_64-debian-clang | 1.1.5 | 123.13 | 52.03 | 175.16 | NOTE | |
r-devel-linux-x86_64-debian-gcc | 1.1.5 | 90.44 | 40.80 | 131.24 | NOTE | |
r-devel-linux-x86_64-fedora-clang | 1.1.5 | 292.20 | NOTE | |||
r-devel-linux-x86_64-fedora-gcc | 1.1.5 | 355.33 | NOTE | |||
r-devel-windows-x86_64 | 1.1.5 | 124.00 | 96.00 | 220.00 | NOTE | |
r-patched-linux-x86_64 | 1.1.5 | 129.30 | 49.96 | 179.26 | NOTE | |
r-release-linux-x86_64 | 1.1.5 | 131.28 | 49.92 | 181.20 | NOTE | |
r-release-macos-arm64 | 1.1.5 | 80.00 | NOTE | |||
r-release-macos-x86_64 | 1.1.5 | 81.00 | NOTE | |||
r-release-windows-x86_64 | 1.1.5 | 125.00 | 97.00 | 222.00 | NOTE | |
r-oldrel-macos-arm64 | 1.1.5 | 91.00 | NOTE | |||
r-oldrel-macos-x86_64 | 1.1.5 | 171.00 | NOTE | |||
r-oldrel-windows-x86_64 | 1.1.5 | 145.00 | 110.00 | 255.00 | NOTE |
Version: 1.1.5
Check: C++ specification
Result: NOTE
Specified C++11: please drop specification unless essential
Flavors: r-devel-linux-x86_64-debian-clang, r-devel-linux-x86_64-debian-gcc, r-devel-linux-x86_64-fedora-clang, r-devel-linux-x86_64-fedora-gcc, r-devel-windows-x86_64, r-patched-linux-x86_64, r-release-linux-x86_64, r-release-macos-arm64, r-release-macos-x86_64, r-release-windows-x86_64, r-oldrel-macos-arm64, r-oldrel-macos-x86_64, r-oldrel-windows-x86_64
Version: 1.1.5
Check: for GNU extensions in Makefiles
Result: NOTE
GNU make is a SystemRequirements.
Flavors: r-patched-linux-x86_64, r-release-linux-x86_64, r-release-macos-arm64, r-release-macos-x86_64, r-release-windows-x86_64, r-oldrel-macos-arm64, r-oldrel-macos-x86_64, r-oldrel-windows-x86_64
Version: 1.1.5
Check: installed package size
Result: NOTE
installed size is 9.6Mb
sub-directories of 1Mb or more:
libs 9.5Mb
Flavors: r-release-macos-arm64, r-release-macos-x86_64, r-oldrel-macos-arm64, r-oldrel-macos-x86_64