CRAN Package Check Results for Package GMMAT

Last updated on 2021-06-16 06:49:11 CEST.

Flavor Version Tinstall Tcheck Ttotal Status Flags
r-devel-linux-x86_64-debian-clang 1.3.1 87.88 539.79 627.67 OK
r-devel-linux-x86_64-debian-gcc 1.3.1 68.85 410.04 478.89 OK
r-devel-linux-x86_64-fedora-clang 1.3.1 786.14 NOTE
r-devel-linux-x86_64-fedora-gcc 1.3.1 757.63 OK
r-devel-windows-x86_64 1.3.1 110.00 655.00 765.00 NOTE
r-devel-windows-x86_64-gcc10-UCRT 1.3.1 NOTE
r-patched-linux-x86_64 1.3.1 74.66 518.58 593.24 OK
r-release-linux-x86_64 1.3.1 77.29 515.35 592.64 OK
r-release-macos-arm64 1.3.1 ERROR
r-release-macos-x86_64 1.3.1 NOTE
r-release-windows-ix86+x86_64 1.3.1 192.00 753.00 945.00 NOTE
r-oldrel-macos-x86_64 1.3.1 NOTE
r-oldrel-windows-ix86+x86_64 1.3.1 139.00 777.00 916.00 NOTE

Check Details

Version: 1.3.1
Check: installed package size
Result: NOTE
     installed size is 7.4Mb
     sub-directories of 1Mb or more:
     libs 5.5Mb
Flavors: r-devel-linux-x86_64-fedora-clang, r-release-macos-x86_64, r-release-windows-ix86+x86_64, r-oldrel-macos-x86_64, r-oldrel-windows-ix86+x86_64

Version: 1.3.1
Check: package dependencies
Result: NOTE
    Package suggested but not available for checking: 'doMC'
Flavors: r-devel-windows-x86_64, r-devel-windows-x86_64-gcc10-UCRT, r-release-windows-ix86+x86_64, r-oldrel-windows-ix86+x86_64

Version: 1.3.1
Check: package dependencies
Result: ERROR
    Packages required but not available: 'SeqArray', 'SeqVarTools'
    
    See section ‘The DESCRIPTION file’ in the ‘Writing R Extensions’
    manual.
Flavor: r-release-macos-arm64