Last updated on 2023-11-28 07:53:04 CET.
Flavor | Version | Tinstall | Tcheck | Ttotal | Status | Flags |
---|---|---|---|---|---|---|
r-devel-linux-x86_64-debian-clang | 0.1.4 | 139.62 | 82.71 | 222.33 | NOTE | |
r-devel-linux-x86_64-debian-gcc | 0.1.4 | 95.33 | 50.42 | 145.75 | NOTE | |
r-devel-linux-x86_64-fedora-clang | 0.1.4 | 327.12 | NOTE | |||
r-devel-linux-x86_64-fedora-gcc | 0.1.4 | 314.58 | NOTE | |||
r-devel-windows-x86_64 | 0.1.4 | 107.00 | 93.00 | 200.00 | NOTE | |
r-patched-linux-x86_64 | 0.1.4 | 125.74 | 66.37 | 192.11 | NOTE | |
r-release-linux-x86_64 | 0.1.4 | 111.33 | 67.37 | 178.70 | NOTE | |
r-release-macos-arm64 | 0.1.4 | 78.00 | NOTE | |||
r-release-macos-x86_64 | 0.1.4 | 133.00 | NOTE | |||
r-release-windows-x86_64 | 0.1.4 | 139.00 | 109.00 | 248.00 | NOTE | |
r-oldrel-macos-arm64 | 0.1.4 | 72.00 | NOTE | |||
r-oldrel-macos-x86_64 | 0.1.4 | 92.00 | NOTE | |||
r-oldrel-windows-x86_64 | 0.1.4 | 135.00 | 100.00 | 235.00 | OK |
Version: 0.1.4
Check: C++ specification
Result: NOTE
Specified C++11: please drop specification unless essential
Flavors: r-devel-linux-x86_64-debian-clang, r-devel-linux-x86_64-debian-gcc, r-devel-linux-x86_64-fedora-clang, r-devel-linux-x86_64-fedora-gcc, r-devel-windows-x86_64, r-patched-linux-x86_64, r-release-linux-x86_64, r-release-macos-arm64, r-release-macos-x86_64, r-release-windows-x86_64
Version: 0.1.4
Check: Rd files
Result: NOTE
checkRd: (-1) order_coordinate.Rd:15: Lost braces; missing escapes or markup?
15 | \item{coordinate}{integer or vector of integers in {1,...,d}. If a single integer,
| ^
Flavors: r-devel-linux-x86_64-debian-clang, r-devel-linux-x86_64-debian-gcc
Version: 0.1.4
Check: installed package size
Result: NOTE
installed size is 6.1Mb
sub-directories of 1Mb or more:
libs 5.5Mb
Flavors: r-release-macos-arm64, r-release-macos-x86_64, r-oldrel-macos-arm64, r-oldrel-macos-x86_64