Last updated on 2023-01-28 07:14:56 CET.
Flavor | Version | Tinstall | Tcheck | Ttotal | Status | Flags |
---|---|---|---|---|---|---|
r-devel-linux-x86_64-debian-clang | 0.1.4 | 135.75 | 86.60 | 222.35 | OK | |
r-devel-linux-x86_64-debian-gcc | 0.1.4 | 105.46 | 53.72 | 159.18 | NOTE | |
r-devel-linux-x86_64-fedora-clang | 0.1.4 | 333.83 | OK | |||
r-devel-linux-x86_64-fedora-gcc | 0.1.4 | 279.76 | NOTE | |||
r-devel-windows-x86_64 | 0.1.4 | 128.00 | 124.00 | 252.00 | OK | |
r-patched-linux-x86_64 | 0.1.4 | 110.84 | 70.14 | 180.98 | OK | |
r-release-linux-x86_64 | 0.1.4 | 119.41 | 71.28 | 190.69 | OK | |
r-release-macos-arm64 | 0.1.4 | 72.00 | NOTE | |||
r-release-macos-x86_64 | 0.1.4 | 92.00 | NOTE | |||
r-release-windows-x86_64 | 0.1.4 | 131.00 | 124.00 | 255.00 | OK | |
r-oldrel-macos-arm64 | 0.1.4 | 69.00 | NOTE | |||
r-oldrel-macos-x86_64 | 0.1.4 | 94.00 | NOTE | |||
r-oldrel-windows-ix86+x86_64 | 0.1.4 | 344.00 | 129.00 | 473.00 | OK |
Version: 0.1.4
Check: C++ specification
Result: NOTE
Specified C++11: please update to current default of C++17
Flavors: r-devel-linux-x86_64-debian-gcc, r-devel-linux-x86_64-fedora-gcc
Version: 0.1.4
Check: installed package size
Result: NOTE
installed size is 6.1Mb
sub-directories of 1Mb or more:
libs 5.5Mb
Flavors: r-release-macos-arm64, r-release-macos-x86_64, r-oldrel-macos-arm64, r-oldrel-macos-x86_64