CRAN Package Check Results for Package GRIDCOPULA

Last updated on 2024-02-24 06:50:39 CET.

Flavor Version Tinstall Tcheck Ttotal Status Flags
r-devel-linux-x86_64-debian-clang 1.0.0 9.84 122.93 132.77 NOTE
r-devel-linux-x86_64-debian-gcc 1.0.0 7.14 88.06 95.20 NOTE
r-devel-linux-x86_64-fedora-clang 1.0.0 164.39 NOTE
r-devel-linux-x86_64-fedora-gcc 1.0.0 159.36 NOTE
r-devel-windows-x86_64 1.0.0 9.00 101.00 110.00 OK
r-patched-linux-x86_64 1.0.0 9.80 115.80 125.60 OK
r-release-linux-x86_64 1.0.0 8.70 116.78 125.48 OK
r-release-macos-arm64 1.0.0 45.00 OK
r-release-macos-x86_64 1.0.0 73.00 OK
r-release-windows-x86_64 1.0.0 12.00 122.00 134.00 OK
r-oldrel-macos-arm64 1.0.0 43.00 OK
r-oldrel-windows-x86_64 1.0.0 12.00 123.00 135.00 OK

Check Details

Version: 1.0.0
Check: Rd files
Result: NOTE checkRd: (-1) estimate.gridCopula.Rd:53-62: Lost braces 53 | {@misc{https://doi.org/10.48550/arxiv.2010.15709, | ^ Flavors: r-devel-linux-x86_64-debian-clang, r-devel-linux-x86_64-debian-gcc, r-devel-linux-x86_64-fedora-clang, r-devel-linux-x86_64-fedora-gcc