Last updated on 2021-01-19 06:51:02 CET.
Flavor | Version | Tinstall | Tcheck | Ttotal | Status | Flags |
---|---|---|---|---|---|---|
r-devel-linux-x86_64-debian-clang | 0.1.1 | 8.04 | 73.26 | 81.30 | OK | |
r-devel-linux-x86_64-debian-gcc | 0.1.1 | 6.34 | 56.71 | 63.05 | OK | |
r-devel-linux-x86_64-fedora-clang | 0.1.1 | 117.43 | NOTE | |||
r-devel-linux-x86_64-fedora-gcc | 0.1.1 | 97.78 | NOTE | |||
r-devel-windows-ix86+x86_64 | 0.1.1 | 13.00 | 66.00 | 79.00 | OK | |
r-patched-linux-x86_64 | 0.1.1 | 8.19 | 68.94 | 77.13 | OK | |
r-patched-solaris-x86 | 0.1.1 | 142.10 | NOTE | |||
r-release-linux-x86_64 | 0.1.1 | 6.80 | 68.98 | 75.78 | OK | |
r-release-macos-x86_64 | 0.1.1 | NOTE | ||||
r-release-windows-ix86+x86_64 | 0.1.1 | 14.00 | 74.00 | 88.00 | OK | |
r-oldrel-macos-x86_64 | 0.1.1 | NOTE | ||||
r-oldrel-windows-ix86+x86_64 | 0.1.1 | 10.00 | 61.00 | 71.00 | OK |
Version: 0.1.1
Check: dependencies in R code
Result: NOTE
Namespace in Imports field not imported from: ‘MASS’
All declared Imports should be used.
Flavors: r-devel-linux-x86_64-fedora-clang, r-devel-linux-x86_64-fedora-gcc, r-patched-solaris-x86, r-release-macos-x86_64, r-oldrel-macos-x86_64