Last updated on 2022-06-26 06:50:38 CEST.
Flavor | Version | Tinstall | Tcheck | Ttotal | Status | Flags |
---|---|---|---|---|---|---|
r-devel-linux-x86_64-debian-clang | 0.1.0 | 9.73 | 81.32 | 91.05 | OK | |
r-devel-linux-x86_64-debian-gcc | 0.1.0 | 7.70 | 60.04 | 67.74 | OK | |
r-devel-linux-x86_64-fedora-clang | 0.1.0 | 122.90 | WARN | |||
r-devel-linux-x86_64-fedora-gcc | 0.1.0 | 116.04 | WARN | |||
r-devel-windows-x86_64 | 0.1.0 | 18.00 | 100.00 | 118.00 | OK | |
r-patched-linux-x86_64 | 0.1.0 | 10.32 | 76.35 | 86.67 | OK | |
r-release-linux-x86_64 | 0.1.0 | 10.14 | 77.10 | 87.24 | OK | |
r-release-macos-arm64 | 0.1.0 | 35.00 | OK | |||
r-release-macos-x86_64 | 0.1.0 | 47.00 | OK | |||
r-release-windows-x86_64 | 0.1.0 | 19.00 | 99.00 | 118.00 | OK | |
r-oldrel-macos-arm64 | 0.1.0 | 43.00 | OK | |||
r-oldrel-macos-x86_64 | 0.1.0 | 50.00 | OK | |||
r-oldrel-windows-ix86+x86_64 | 0.1.0 | 19.00 | 96.00 | 115.00 | OK |
Version: 0.1.0
Check: package dependencies
Result: WARN
Requires (indirectly) orphaned package: ‘gtools’
Flavors: r-devel-linux-x86_64-fedora-clang, r-devel-linux-x86_64-fedora-gcc