CRAN Package Check Results for Package GenAlgo

Last updated on 2021-01-16 06:51:07 CET.

Flavor Version Tinstall Tcheck Ttotal Status Flags
r-devel-linux-x86_64-debian-clang 2.2.0 3.02 42.11 45.13 OK
r-devel-linux-x86_64-debian-gcc 2.2.0 2.23 33.50 35.73 OK
r-devel-linux-x86_64-fedora-clang 2.2.0 64.47 NOTE
r-devel-linux-x86_64-fedora-gcc 2.2.0 56.70 NOTE
r-devel-windows-ix86+x86_64 2.2.0 6.00 52.00 58.00 OK
r-patched-linux-x86_64 2.2.0 3.00 40.92 43.92 OK
r-patched-solaris-x86 2.2.0 76.90 NOTE
r-release-linux-x86_64 2.2.0 2.69 41.19 43.88 OK
r-release-macos-x86_64 2.2.0 NOTE
r-release-windows-ix86+x86_64 2.2.0 7.00 54.00 61.00 OK
r-oldrel-macos-x86_64 2.2.0 NOTE
r-oldrel-windows-ix86+x86_64 2.2.0 5.00 49.00 54.00 OK

Check Details

Version: 2.2.0
Check: data for non-ASCII characters
Result: NOTE
     Note: found 17 marked UTF-8 strings
Flavors: r-devel-linux-x86_64-fedora-clang, r-devel-linux-x86_64-fedora-gcc, r-patched-solaris-x86, r-release-macos-x86_64, r-oldrel-macos-x86_64