CRAN Package Check Results for Package GenEst

Last updated on 2020-08-11 06:47:20 CEST.

Flavor Version Tinstall Tcheck Ttotal Status Flags
r-devel-linux-x86_64-debian-clang 1.4.4 39.52 252.71 292.23 OK
r-devel-linux-x86_64-debian-gcc 1.4.4 31.10 185.50 216.60 OK
r-devel-linux-x86_64-fedora-clang 1.4.4 353.19 NOTE
r-devel-linux-x86_64-fedora-gcc 1.4.4 341.30 NOTE
r-devel-windows-ix86+x86_64 1.4.4 72.00 412.00 484.00 OK
r-patched-linux-x86_64 1.4.4 32.95 249.42 282.37 OK
r-patched-solaris-x86 1.4.4 450.90 NOTE
r-release-linux-x86_64 1.4.4 32.25 246.42 278.67 OK
r-release-macos-x86_64 1.4.4 NOTE
r-release-windows-ix86+x86_64 1.4.4 100.00 399.00 499.00 OK
r-oldrel-macos-x86_64 1.4.4 NOTE
r-oldrel-windows-ix86+x86_64 1.4.4 57.00 320.00 377.00 OK

Check Details

Version: 1.4.4
Check: dependencies in R code
Result: NOTE
    Namespace in Imports field not imported from: ‘htmlwidgets’
     All declared Imports should be used.
Flavors: r-devel-linux-x86_64-fedora-clang, r-devel-linux-x86_64-fedora-gcc, r-patched-solaris-x86, r-release-macos-x86_64, r-oldrel-macos-x86_64