Last updated on 2023-12-09 07:49:32 CET.
Flavor | Version | Tinstall | Tcheck | Ttotal | Status | Flags |
---|---|---|---|---|---|---|
r-devel-linux-x86_64-debian-clang | 1.2.6 | 73.21 | 147.76 | 220.97 | NOTE | |
r-devel-linux-x86_64-debian-gcc | 1.2.6 | 51.27 | 121.65 | 172.92 | NOTE | |
r-devel-linux-x86_64-fedora-clang | 1.2.6 | 453.84 | NOTE | |||
r-devel-linux-x86_64-fedora-gcc | 1.2.6 | 436.04 | NOTE | |||
r-devel-windows-x86_64 | 1.2.6 | 59.00 | 146.00 | 205.00 | NOTE | |
r-patched-linux-x86_64 | 1.2.6 | 59.36 | 144.20 | 203.56 | NOTE | |
r-release-linux-x86_64 | 1.2.6 | 63.30 | 143.49 | 206.79 | NOTE | |
r-release-macos-arm64 | 1.2.6 | 254.00 | NOTE | |||
r-release-macos-x86_64 | 1.2.6 | 89.00 | NOTE | |||
r-release-windows-x86_64 | 1.2.6 | 76.00 | 156.00 | 232.00 | NOTE | |
r-oldrel-macos-arm64 | 1.2.6 | 238.00 | NOTE | |||
r-oldrel-macos-x86_64 | 1.2.6 | 439.00 | NOTE | |||
r-oldrel-windows-x86_64 | 1.2.6 | 69.00 | 147.00 | 216.00 | NOTE |
Version: 1.2.6
Check: for GNU extensions in Makefiles
Result: NOTE
GNU make is a SystemRequirements.
Flavors: r-devel-linux-x86_64-debian-clang, r-devel-linux-x86_64-debian-gcc, r-devel-linux-x86_64-fedora-clang, r-devel-linux-x86_64-fedora-gcc, r-devel-windows-x86_64, r-patched-linux-x86_64, r-release-linux-x86_64, r-release-macos-arm64, r-release-macos-x86_64, r-release-windows-x86_64, r-oldrel-macos-arm64, r-oldrel-macos-x86_64, r-oldrel-windows-x86_64