Last updated on 2023-01-28 07:14:56 CET.
Flavor | Version | Tinstall | Tcheck | Ttotal | Status | Flags |
---|---|---|---|---|---|---|
r-devel-linux-x86_64-debian-clang | 1.0.1 | 86.19 | 61.80 | 147.99 | OK | |
r-devel-linux-x86_64-debian-gcc | 1.0.1 | 68.89 | 46.84 | 115.73 | NOTE | |
r-devel-linux-x86_64-fedora-clang | 1.0.1 | 213.23 | NOTE | |||
r-devel-linux-x86_64-fedora-gcc | 1.0.1 | 201.67 | NOTE | |||
r-devel-windows-x86_64 | 1.0.1 | 179.00 | 146.00 | 325.00 | OK | |
r-patched-linux-x86_64 | 1.0.1 | 70.02 | 63.55 | 133.57 | OK | |
r-release-linux-x86_64 | 1.0.1 | 73.13 | 61.98 | 135.11 | OK | |
r-release-macos-arm64 | 1.0.1 | 52.00 | NOTE | |||
r-release-macos-x86_64 | 1.0.1 | 69.00 | NOTE | |||
r-release-windows-x86_64 | 1.0.1 | 74.00 | 146.00 | 220.00 | OK | |
r-oldrel-macos-arm64 | 1.0.1 | 76.00 | NOTE | |||
r-oldrel-macos-x86_64 | 1.0.1 | 137.00 | NOTE | |||
r-oldrel-windows-ix86+x86_64 | 1.0.1 | 217.00 | 138.00 | 355.00 | OK |
Version: 1.0.1
Check: C++ specification
Result: NOTE
Specified C++11: please update to current default of C++17
Flavors: r-devel-linux-x86_64-debian-gcc, r-devel-linux-x86_64-fedora-gcc
Version: 1.0.1
Check: compiled code
Result: NOTE
File ‘GiRaF/libs/GiRaF.so’:
Found no calls to: ‘R_registerRoutines’, ‘R_useDynamicSymbols’
It is good practice to register native routines and to disable symbol
search.
See ‘Writing portable packages’ in the ‘Writing R Extensions’ manual.
Flavors: r-devel-linux-x86_64-fedora-clang, r-devel-linux-x86_64-fedora-gcc
Version: 1.0.1
Check: installed package size
Result: NOTE
installed size is 6.8Mb
sub-directories of 1Mb or more:
libs 6.4Mb
Flavors: r-release-macos-arm64, r-release-macos-x86_64, r-oldrel-macos-arm64, r-oldrel-macos-x86_64