Last updated on 2023-02-03 06:50:20 CET.
Flavor | Version | Tinstall | Tcheck | Ttotal | Status | Flags |
---|---|---|---|---|---|---|
r-devel-linux-x86_64-debian-clang | 0.3.0 | 90.87 | 617.49 | 708.36 | OK | |
r-devel-linux-x86_64-debian-gcc | 0.3.0 | 67.09 | 414.02 | 481.11 | OK | |
r-devel-linux-x86_64-fedora-clang | 0.3.0 | 917.94 | OK | |||
r-devel-linux-x86_64-fedora-gcc | 0.3.0 | 767.38 | OK | |||
r-devel-windows-x86_64 | 0.3.0 | 109.00 | 778.00 | 887.00 | OK | |
r-patched-linux-x86_64 | 0.3.0 | 66.42 | 512.43 | 578.85 | OK | |
r-release-linux-x86_64 | 0.3.0 | 72.28 | 480.36 | 552.64 | OK | |
r-release-macos-arm64 | 0.3.0 | 204.00 | NOTE | |||
r-release-macos-x86_64 | 0.3.0 | 280.00 | NOTE | |||
r-release-windows-x86_64 | 0.3.0 | 107.00 | 752.00 | 859.00 | OK | |
r-oldrel-macos-arm64 | 0.3.0 | 201.00 | NOTE | |||
r-oldrel-macos-x86_64 | 0.3.0 | 296.00 | NOTE | |||
r-oldrel-windows-ix86+x86_64 | 0.3.0 | 197.00 | 734.00 | 931.00 | OK |
Version: 0.3.0
Check: installed package size
Result: NOTE
installed size is 5.6Mb
sub-directories of 1Mb or more:
doc 1.7Mb
libs 3.3Mb
Flavors: r-release-macos-arm64, r-release-macos-x86_64, r-oldrel-macos-arm64, r-oldrel-macos-x86_64