Last updated on 2023-03-28 06:51:17 CEST.
Flavor | Version | Tinstall | Tcheck | Ttotal | Status | Flags |
---|---|---|---|---|---|---|
r-devel-linux-x86_64-debian-clang | 0.4.0 | 70.66 | 85.31 | 155.97 | OK | |
r-devel-linux-x86_64-debian-gcc | 0.4.0 | 61.76 | 55.48 | 117.24 | OK | |
r-devel-linux-x86_64-fedora-clang | 0.4.0 | 211.42 | OK | |||
r-devel-linux-x86_64-fedora-gcc | 0.4.0 | 201.37 | OK | |||
r-devel-windows-x86_64 | 0.4.0 | 103.00 | 136.00 | 239.00 | OK | |
r-patched-linux-x86_64 | 0.4.0 | 64.95 | 71.69 | 136.64 | OK | |
r-release-linux-x86_64 | 0.4.0 | 63.60 | 69.68 | 133.28 | OK | |
r-release-macos-arm64 | 0.4.0 | 50.00 | NOTE | |||
r-release-macos-x86_64 | 0.4.0 | 67.00 | NOTE | |||
r-release-windows-x86_64 | 0.4.0 | 89.00 | 130.00 | 219.00 | OK | |
r-oldrel-macos-arm64 | 0.4.0 | 56.00 | NOTE | |||
r-oldrel-macos-x86_64 | 0.4.0 | 77.00 | NOTE | |||
r-oldrel-windows-ix86+x86_64 | 0.4.0 | 166.00 | 153.00 | 319.00 | OK |
Version: 0.4.0
Check: installed package size
Result: NOTE
installed size is 8.2Mb
sub-directories of 1Mb or more:
data 1.4Mb
libs 6.4Mb
Flavors: r-release-macos-arm64, r-release-macos-x86_64, r-oldrel-macos-arm64, r-oldrel-macos-x86_64