CRAN Package Check Results for Package HACSim

Last updated on 2024-06-18 07:03:55 CEST.

Flavor Version Tinstall Tcheck Ttotal Status Flags
r-devel-linux-x86_64-debian-clang 1.0.6-1 33.84 59.30 93.14 NOTE
r-devel-linux-x86_64-debian-gcc 1.0.6-1 22.93 44.29 67.22 NOTE
r-devel-linux-x86_64-fedora-clang 1.0.6-1 127.65 NOTE
r-devel-linux-x86_64-fedora-gcc 1.0.6-1 121.33 NOTE
r-devel-windows-x86_64 1.0.6-1 30.00 90.00 120.00 NOTE
r-patched-linux-x86_64 1.0.6-1 29.65 55.88 85.53 NOTE
r-release-linux-x86_64 1.0.6-1 28.08 57.69 85.77 NOTE
r-release-macos-arm64 1.0.6-1 41.00 NOTE
r-release-macos-x86_64 1.0.6-1 51.00 NOTE
r-release-windows-x86_64 1.0.6-1 30.00 94.00 124.00 NOTE
r-oldrel-macos-arm64 1.0.6-1 40.00 NOTE
r-oldrel-macos-x86_64 1.0.6-1 60.00 NOTE
r-oldrel-windows-x86_64 1.0.6-1 37.00 104.00 141.00 NOTE

Check Details

Version: 1.0.6-1
Check: C++ specification
Result: NOTE Specified C++11: please drop specification unless essential Flavors: r-devel-linux-x86_64-debian-clang, r-devel-linux-x86_64-debian-gcc, r-devel-linux-x86_64-fedora-clang, r-devel-linux-x86_64-fedora-gcc, r-devel-windows-x86_64, r-patched-linux-x86_64, r-release-linux-x86_64, r-release-macos-arm64, r-release-macos-x86_64, r-release-windows-x86_64, r-oldrel-macos-arm64, r-oldrel-macos-x86_64, r-oldrel-windows-x86_64

Version: 1.0.6-1
Check: installed package size
Result: NOTE installed size is 5.3Mb sub-directories of 1Mb or more: shiny 4.3Mb Flavors: r-devel-windows-x86_64, r-release-macos-arm64, r-release-macos-x86_64, r-release-windows-x86_64, r-oldrel-macos-arm64, r-oldrel-macos-x86_64, r-oldrel-windows-x86_64