CRAN Package Check Results for Package HACSim

Last updated on 2021-06-19 06:48:10 CEST.

Flavor Version Tinstall Tcheck Ttotal Status Flags
r-devel-linux-x86_64-debian-clang 1.0.5 48.82 178.83 227.65 OK
r-devel-linux-x86_64-debian-gcc 1.0.5 36.06 132.69 168.75 OK
r-devel-linux-x86_64-fedora-clang 1.0.5 287.78 OK
r-devel-linux-x86_64-fedora-gcc 1.0.5 267.39 OK
r-devel-windows-x86_64 1.0.5 63.00 161.00 224.00 OK
r-devel-windows-x86_64-gcc10-UCRT 1.0.5 ERROR
r-patched-linux-x86_64 1.0.5 42.28 167.49 209.77 OK
r-patched-solaris-x86 1.0.5 388.80 OK
r-release-linux-x86_64 1.0.5 40.28 166.41 206.69 OK
r-release-macos-arm64 1.0.5 OK
r-release-macos-x86_64 1.0.5 OK
r-release-windows-ix86+x86_64 1.0.5 109.00 279.00 388.00 OK
r-oldrel-macos-x86_64 1.0.5 OK
r-oldrel-windows-ix86+x86_64 1.0.5 83.00 279.00 362.00 OK

Check Details

Version: 1.0.5
Check: package dependencies
Result: ERROR
    Package required but not available: 'pegas'
    
    See section 'The DESCRIPTION file' in the 'Writing R Extensions'
    manual.
Flavor: r-devel-windows-x86_64-gcc10-UCRT