CRAN Package Check Results for Package HCTR

Last updated on 2025-01-17 06:49:23 CET.

Flavor Version Tinstall Tcheck Ttotal Status Flags
r-devel-linux-x86_64-debian-clang 0.1.1 6.92 63.83 70.75 OK
r-devel-linux-x86_64-debian-gcc 0.1.1 5.04 47.22 52.26 OK
r-devel-linux-x86_64-fedora-clang 0.1.1 112.47 OK
r-devel-linux-x86_64-fedora-gcc 0.1.1 106.29 OK
r-devel-windows-x86_64 0.1.1 8.00 88.00 96.00 OK
r-patched-linux-x86_64 0.1.1 6.56 60.16 66.72 NOTE
r-release-linux-x86_64 0.1.1 6.76 60.80 67.56 NOTE
r-release-macos-arm64 0.1.1 35.00 NOTE
r-release-macos-x86_64 0.1.1 51.00 NOTE
r-release-windows-x86_64 0.1.1 8.00 82.00 90.00 NOTE
r-oldrel-macos-arm64 0.1.1 40.00 NOTE
r-oldrel-macos-x86_64 0.1.1 58.00 NOTE
r-oldrel-windows-x86_64 0.1.1 10.00 92.00 102.00 NOTE

Check Details

Version: 0.1.1
Check: LazyData
Result: NOTE 'LazyData' is specified without a 'data' directory Flavors: r-patched-linux-x86_64, r-release-linux-x86_64, r-release-macos-arm64, r-release-macos-x86_64, r-release-windows-x86_64, r-oldrel-macos-arm64, r-oldrel-macos-x86_64, r-oldrel-windows-x86_64