CRAN Package Check Results for Package HCmodelSets

Last updated on 2024-02-24 06:50:39 CET.

Flavor Version Tinstall Tcheck Ttotal Status Flags
r-devel-linux-x86_64-debian-clang 1.1.3 21.58 96.48 118.06 OK
r-devel-linux-x86_64-debian-gcc 1.1.3 19.33 73.17 92.50 OK
r-devel-linux-x86_64-fedora-clang 1.1.3 153.75 OK
r-devel-linux-x86_64-fedora-gcc 1.1.3 153.73 OK
r-devel-windows-x86_64 1.1.3 22.00 86.00 108.00 OK
r-patched-linux-x86_64 1.1.3 19.92 96.15 116.07 OK
r-release-linux-x86_64 1.1.3 20.95 94.59 115.54 OK
r-release-macos-arm64 1.1.3 64.00 OK
r-release-macos-x86_64 1.1.3 83.00 NOTE
r-release-windows-x86_64 1.1.3 26.00 99.00 125.00 OK
r-oldrel-macos-arm64 1.1.3 49.00 OK
r-oldrel-windows-x86_64 1.1.3 29.00 107.00 136.00 OK

Check Details

Version: 1.1.3
Check: installed package size
Result: NOTE installed size is 5.1Mb sub-directories of 1Mb or more: data 4.7Mb Flavor: r-release-macos-x86_64