CRAN Package Check Results for Package HDMT

Last updated on 2024-06-13 06:58:04 CEST.

Flavor Version Tinstall Tcheck Ttotal Status Flags
r-devel-linux-x86_64-debian-clang 1.0.5 8.02 71.84 79.86 OK
r-devel-linux-x86_64-debian-gcc 1.0.5 0.38 1.84 2.22 ERROR
r-devel-linux-x86_64-fedora-clang 1.0.5 98.49 OK
r-devel-linux-x86_64-fedora-gcc 1.0.5 105.88 OK
r-devel-windows-x86_64 1.0.5 3.00 4.00 7.00 ERROR
r-patched-linux-x86_64 1.0.5 6.22 66.85 73.07 OK
r-release-linux-x86_64 1.0.5 8.00 69.39 77.39 OK
r-release-macos-arm64 1.0.5 36.00 OK
r-release-macos-x86_64 1.0.5 55.00 OK
r-release-windows-x86_64 1.0.5 8.00 79.00 87.00 OK
r-oldrel-macos-arm64 1.0.5 36.00 OK
r-oldrel-macos-x86_64 1.0.5 54.00 OK
r-oldrel-windows-x86_64 1.0.5 7.00 82.00 89.00 OK

Check Details

Version: 1.0.5
Check: package dependencies
Result: ERROR Package required but not available: ‘qvalue’ See section ‘The DESCRIPTION file’ in the ‘Writing R Extensions’ manual. Flavor: r-devel-linux-x86_64-debian-gcc

Version: 1.0.5
Check: whether package can be installed
Result: ERROR Installation failed. Flavor: r-devel-windows-x86_64