CRAN Package Check Results for Package HMMEsolver

Last updated on 2021-06-21 06:49:10 CEST.

Flavor Version Tinstall Tcheck Ttotal Status Flags
r-devel-linux-x86_64-debian-clang 0.1.2 57.76 27.47 85.23 NOTE
r-devel-linux-x86_64-debian-gcc 0.1.2 35.03 21.80 56.83 NOTE
r-devel-linux-x86_64-fedora-clang 0.1.2 121.63 NOTE
r-devel-linux-x86_64-fedora-gcc 0.1.2 102.05 NOTE
r-devel-windows-x86_64 0.1.2 68.00 51.00 119.00 NOTE
r-devel-windows-x86_64-gcc10-UCRT 0.1.2 NOTE
r-patched-linux-x86_64 0.1.2 37.93 26.62 64.55 NOTE
r-patched-solaris-x86 0.1.2 108.60 NOTE
r-release-linux-x86_64 0.1.2 41.86 26.53 68.39 NOTE
r-release-macos-arm64 0.1.2 NOTE
r-release-macos-x86_64 0.1.2 NOTE
r-release-windows-ix86+x86_64 0.1.2 131.00 69.00 200.00 NOTE
r-oldrel-macos-x86_64 0.1.2 OK

Check Details

Version: 0.1.2
Check: LazyData
Result: NOTE
     'LazyData' is specified without a 'data' directory
Flavors: r-devel-linux-x86_64-debian-clang, r-devel-linux-x86_64-debian-gcc, r-devel-linux-x86_64-fedora-clang, r-devel-linux-x86_64-fedora-gcc, r-devel-windows-x86_64, r-devel-windows-x86_64-gcc10-UCRT, r-patched-linux-x86_64, r-patched-solaris-x86, r-release-linux-x86_64, r-release-macos-arm64, r-release-macos-x86_64, r-release-windows-ix86+x86_64