CRAN Package Check Results for Package HMMpa

Last updated on 2023-03-25 05:50:34 CET.

Flavor Version Tinstall Tcheck Ttotal Status Flags
r-devel-linux-x86_64-debian-clang 1.0.1 6.16 37.95 44.11 NOTE
r-devel-linux-x86_64-debian-gcc 1.0.1 4.25 28.98 33.23 NOTE
r-devel-linux-x86_64-fedora-clang 1.0.1 54.64 NOTE
r-devel-linux-x86_64-fedora-gcc 1.0.1 52.38 NOTE
r-devel-windows-x86_64 1.0.1 19.00 79.00 98.00 NOTE
r-patched-linux-x86_64 1.0.1 5.81 36.13 41.94 NOTE
r-release-linux-x86_64 1.0.1 5.27 36.75 42.02 NOTE
r-release-macos-arm64 1.0.1 16.00 NOTE
r-release-macos-x86_64 1.0.1 24.00 NOTE
r-release-windows-x86_64 1.0.1 11.00 53.00 64.00 NOTE
r-oldrel-macos-arm64 1.0.1 21.00 NOTE
r-oldrel-macos-x86_64 1.0.1 42.00 NOTE
r-oldrel-windows-ix86+x86_64 1.0.1 9.00 44.00 53.00 NOTE

Check Details

Version: 1.0.1
Check: LazyData
Result: NOTE
     'LazyData' is specified without a 'data' directory
Flavors: r-devel-linux-x86_64-debian-clang, r-devel-linux-x86_64-debian-gcc, r-devel-linux-x86_64-fedora-clang, r-devel-linux-x86_64-fedora-gcc, r-devel-windows-x86_64, r-patched-linux-x86_64, r-release-linux-x86_64, r-release-macos-arm64, r-release-macos-x86_64, r-release-windows-x86_64, r-oldrel-macos-arm64, r-oldrel-macos-x86_64, r-oldrel-windows-ix86+x86_64