CRAN Package Check Results for Package HTSCluster

Last updated on 2020-08-13 06:47:30 CEST.

Flavor Version Tinstall Tcheck Ttotal Status Flags
r-devel-linux-x86_64-debian-clang 2.0.8 5.66 50.39 56.05 OK
r-devel-linux-x86_64-debian-gcc 2.0.8 5.75 38.53 44.28 OK
r-devel-linux-x86_64-fedora-clang 2.0.8 75.79 OK
r-devel-linux-x86_64-fedora-gcc 2.0.8 66.24 OK
r-devel-windows-ix86+x86_64 2.0.8 18.00 86.00 104.00 OK
r-patched-linux-x86_64 2.0.8 7.61 49.98 57.59 OK
r-patched-solaris-x86 2.0.8 95.50 OK
r-release-linux-x86_64 2.0.8 7.39 49.36 56.75 OK
r-release-macos-x86_64 2.0.8 NOTE
r-release-windows-ix86+x86_64 2.0.8 16.00 63.00 79.00 OK
r-oldrel-macos-x86_64 2.0.8 OK
r-oldrel-windows-ix86+x86_64 2.0.8 11.00 78.00 89.00 OK

Check Details

Version: 2.0.8
Check: package dependencies
Result: NOTE
    Package suggested but not available for checking: ‘HTSFilter’
Flavor: r-release-macos-x86_64