Last updated on 2023-03-26 06:53:26 CEST.
Flavor | Version | Tinstall | Tcheck | Ttotal | Status | Flags |
---|---|---|---|---|---|---|
r-devel-linux-x86_64-debian-clang | 1.2.2 | 9.78 | 159.66 | 169.44 | OK | |
r-devel-linux-x86_64-debian-gcc | 1.2.2 | 7.39 | 118.11 | 125.50 | OK | |
r-devel-linux-x86_64-fedora-gcc | 1.2.2 | 270.80 | NOTE | |||
r-devel-windows-x86_64 | 1.2.2 | 36.00 | 264.00 | 300.00 | NOTE | |
r-patched-linux-x86_64 | 1.2.2 | 14.54 | 149.15 | 163.69 | OK | |
r-release-linux-x86_64 | 1.2.2 | 10.10 | 154.33 | 164.43 | OK | |
r-release-macos-arm64 | 1.2.2 | 57.00 | NOTE | |||
r-release-macos-x86_64 | 1.2.2 | 113.00 | NOTE | |||
r-release-windows-x86_64 | 1.2.2 | 53.00 | 209.00 | 262.00 | NOTE | |
r-oldrel-macos-arm64 | 1.2.2 | 87.00 | NOTE | |||
r-oldrel-macos-x86_64 | 1.2.2 | 78.00 | NOTE | |||
r-oldrel-windows-ix86+x86_64 | 1.2.2 | 25.00 | 250.00 | 275.00 | NOTE |
Version: 1.2.2
Check: dependencies in R code
Result: NOTE
Namespaces in Imports field not imported from:
‘DT’ ‘gsubfn’ ‘stringr’
All declared Imports should be used.
Flavors: r-devel-linux-x86_64-fedora-gcc, r-release-macos-arm64, r-release-macos-x86_64, r-oldrel-macos-arm64, r-oldrel-macos-x86_64
Version: 1.2.2
Check: installed package size
Result: NOTE
installed size is 8.1Mb
sub-directories of 1Mb or more:
HaDeX 4.0Mb
doc 4.0Mb
Flavors: r-devel-windows-x86_64, r-release-macos-arm64, r-release-macos-x86_64, r-release-windows-x86_64, r-oldrel-macos-arm64, r-oldrel-macos-x86_64, r-oldrel-windows-ix86+x86_64