CRAN Package Check Results for Package HaDeX

Last updated on 2024-04-20 06:58:43 CEST.

Flavor Version Tinstall Tcheck Ttotal Status Flags
r-devel-linux-x86_64-debian-clang 1.2.2 9.29 176.15 185.44 OK
r-devel-linux-x86_64-debian-gcc 1.2.2 8.03 131.47 139.50 OK
r-devel-linux-x86_64-fedora-clang 1.2.2 230.34 NOTE
r-devel-linux-x86_64-fedora-gcc 1.2.2 237.15 NOTE
r-prerel-macos-arm64 1.2.2 68.00 NOTE
r-prerel-windows-x86_64 1.2.2 11.00 127.00 138.00 NOTE
r-patched-linux-x86_64 1.2.2 14.97 164.88 179.85 OK
r-release-linux-x86_64 1.2.2 7.96 165.98 173.94 OK
r-release-macos-arm64 1.2.2 70.00 NOTE
r-release-macos-x86_64 1.2.2 119.00 NOTE
r-release-windows-x86_64 1.2.2 13.00 162.00 175.00 NOTE
r-oldrel-macos-arm64 1.2.2 57.00 NOTE
r-oldrel-windows-x86_64 1.2.2 14.00 168.00 182.00 NOTE

Check Details

Version: 1.2.2
Check: installed package size
Result: NOTE installed size is 8.2Mb sub-directories of 1Mb or more: HaDeX 4.1Mb doc 4.0Mb Flavors: r-devel-linux-x86_64-fedora-clang, r-prerel-macos-arm64, r-prerel-windows-x86_64, r-release-macos-arm64, r-release-macos-x86_64, r-release-windows-x86_64, r-oldrel-macos-arm64, r-oldrel-windows-x86_64

Version: 1.2.2
Check: dependencies in R code
Result: NOTE Namespaces in Imports field not imported from: ‘DT’ ‘gsubfn’ ‘stringr’ All declared Imports should be used. Flavors: r-devel-linux-x86_64-fedora-clang, r-devel-linux-x86_64-fedora-gcc, r-oldrel-macos-arm64