CRAN Package Check Results for Package HiDimDA

Last updated on 2020-08-05 06:47:24 CEST.

Flavor Version Tinstall Tcheck Ttotal Status Flags
r-devel-linux-x86_64-debian-clang 0.2-4 10.77 48.31 59.08 OK
r-devel-linux-x86_64-debian-gcc 0.2-4 9.26 35.81 45.07 OK
r-devel-linux-x86_64-fedora-clang 0.2-4 79.16 NOTE
r-devel-linux-x86_64-fedora-gcc 0.2-4 67.71 NOTE
r-devel-windows-ix86+x86_64 0.2-4 26.00 67.00 93.00 OK
r-patched-linux-x86_64 0.2-4 9.51 47.04 56.55 OK
r-patched-solaris-x86 0.2-4 94.80 OK
r-release-linux-x86_64 0.2-4 11.17 46.41 57.58 OK
r-release-macos-x86_64 0.2-4 OK
r-release-windows-ix86+x86_64 0.2-4 27.00 94.00 121.00 OK
r-oldrel-macos-x86_64 0.2-4 OK
r-oldrel-windows-ix86+x86_64 0.2-4 23.00 89.00 112.00 OK

Check Details

Version: 0.2-4
Check: compiled code
Result: NOTE
    File ‘HiDimDA/libs/HiDimDA.so’:
     Found no calls to: ‘R_registerRoutines’, ‘R_useDynamicSymbols’
    
    It is good practice to register native routines and to disable symbol
    search.
    
    See ‘Writing portable packages’ in the ‘Writing R Extensions’ manual.
Flavors: r-devel-linux-x86_64-fedora-clang, r-devel-linux-x86_64-fedora-gcc