CRAN Package Check Results for Package HistData

Last updated on 2022-10-02 06:52:11 CEST.

Flavor Version Tinstall Tcheck Ttotal Status Flags
r-devel-linux-x86_64-debian-clang 0.8-7 2.33 57.38 59.71 NOTE
r-devel-linux-x86_64-debian-gcc 0.8-7 2.39 43.05 45.44 NOTE
r-devel-linux-x86_64-fedora-clang 0.8-7 84.44 NOTE
r-devel-linux-x86_64-fedora-gcc 0.8-7 81.59 NOTE
r-devel-windows-x86_64 0.8-7 41.00 105.00 146.00 NOTE
r-patched-linux-x86_64 0.8-7 4.05 53.41 57.46 OK
r-release-linux-x86_64 0.8-7 2.93 53.28 56.21 OK
r-release-macos-arm64 0.8-7 23.00 OK
r-release-macos-x86_64 0.8-7 34.00 OK
r-release-windows-x86_64 0.8-7 47.00 115.00 162.00 OK
r-oldrel-macos-arm64 0.8-7 32.00 OK
r-oldrel-macos-x86_64 0.8-7 49.00 OK
r-oldrel-windows-ix86+x86_64 0.8-7 8.00 90.00 98.00 OK

Check Details

Version: 0.8-7
Check: Rd files
Result: NOTE
    checkRd: (-1) Snow.Rd:118: Escaped LaTeX specials: \&
    checkRd: (-1) Snow.Rd:142: Escaped LaTeX specials: \&
    checkRd: (-1) Yeast.Rd:56: Escaped LaTeX specials: \&
Flavors: r-devel-linux-x86_64-debian-clang, r-devel-linux-x86_64-debian-gcc, r-devel-linux-x86_64-fedora-clang, r-devel-linux-x86_64-fedora-gcc, r-devel-windows-x86_64

Version: 0.8-7
Check: Rd cross-references
Result: NOTE
    Undeclared packages ‘Guerry’, ‘alr4’, ‘agridat’, ‘coin’ in Rd xrefs
Flavor: r-devel-linux-x86_64-fedora-clang