Last updated on 2023-05-27 07:02:52 CEST.
Flavor | Version | Tinstall | Tcheck | Ttotal | Status | Flags |
---|---|---|---|---|---|---|
r-devel-linux-x86_64-debian-clang | 5.1-0 | 55.26 | 374.01 | 429.27 | NOTE | |
r-devel-linux-x86_64-debian-gcc | 5.1-0 | 42.55 | 271.31 | 313.86 | NOTE | |
r-devel-linux-x86_64-fedora-clang | 5.1-0 | 545.62 | NOTE | |||
r-devel-linux-x86_64-fedora-gcc | 5.1-0 | 546.33 | NOTE | |||
r-devel-windows-x86_64 | 5.1-0 | 53.00 | 334.00 | 387.00 | NOTE | |
r-patched-linux-x86_64 | 5.1-0 | 69.54 | 347.03 | 416.57 | NOTE | |
r-release-linux-x86_64 | 5.1-0 | 38.24 | 342.41 | 380.65 | NOTE | |
r-release-macos-arm64 | 5.1-0 | 108.00 | NOTE | |||
r-release-macos-x86_64 | 5.0-1 | 216.00 | OK | |||
r-release-windows-x86_64 | 5.1-0 | 70.00 | 423.00 | 493.00 | NOTE | |
r-oldrel-macos-arm64 | 5.1-0 | 101.00 | NOTE | |||
r-oldrel-macos-x86_64 | 5.1-0 | 147.00 | NOTE | |||
r-oldrel-windows-x86_64 | 5.1-0 | 66.00 | 377.00 | 443.00 | NOTE |
Version: 5.1-0
Check: R code for possible problems
Result: NOTE
html_describe_con: multiple local function definitions for āgā with
different formal arguments
Flavors: r-devel-linux-x86_64-debian-clang, r-devel-linux-x86_64-debian-gcc, r-devel-linux-x86_64-fedora-clang, r-devel-linux-x86_64-fedora-gcc, r-devel-windows-x86_64, r-patched-linux-x86_64, r-release-linux-x86_64, r-release-macos-arm64, r-release-windows-x86_64, r-oldrel-macos-arm64, r-oldrel-macos-x86_64, r-oldrel-windows-x86_64