CRAN Package Check Results for Package HypergeoMat

Last updated on 2021-06-16 06:49:13 CEST.

Flavor Version Tinstall Tcheck Ttotal Status Flags
r-devel-linux-x86_64-debian-clang 3.1.0 30.97 69.30 100.27 NOTE
r-devel-linux-x86_64-debian-gcc 3.1.0 23.64 53.54 77.18 NOTE
r-devel-linux-x86_64-fedora-clang 3.1.0 150.81 NOTE
r-devel-linux-x86_64-fedora-gcc 3.1.0 134.28 NOTE
r-devel-windows-x86_64 3.1.0 45.00 98.00 143.00 NOTE
r-devel-windows-x86_64-gcc10-UCRT 3.1.0 NOTE
r-patched-linux-x86_64 3.1.0 30.77 63.61 94.38 NOTE
r-patched-solaris-x86 3.1.0 150.80 NOTE
r-release-linux-x86_64 3.1.0 29.43 61.72 91.15 NOTE
r-release-macos-arm64 3.1.0 NOTE
r-release-macos-x86_64 3.1.0 NOTE
r-release-windows-ix86+x86_64 3.1.0 83.00 152.00 235.00 NOTE
r-oldrel-macos-x86_64 3.1.0 OK
r-oldrel-windows-ix86+x86_64 3.1.0 66.00 163.00 229.00 OK

Check Details

Version: 3.1.0
Check: LazyData
Result: NOTE
     'LazyData' is specified without a 'data' directory
Flavors: r-devel-linux-x86_64-debian-clang, r-devel-linux-x86_64-debian-gcc, r-devel-linux-x86_64-fedora-clang, r-devel-linux-x86_64-fedora-gcc, r-devel-windows-x86_64, r-devel-windows-x86_64-gcc10-UCRT, r-patched-linux-x86_64, r-patched-solaris-x86, r-release-linux-x86_64, r-release-macos-arm64, r-release-macos-x86_64, r-release-windows-ix86+x86_64