CRAN Package Check Results for Package IATscores

Last updated on 2020-08-13 06:47:30 CEST.

Flavor Version Tinstall Tcheck Ttotal Status Flags
r-devel-linux-x86_64-debian-clang 0.2.7 0.44 2.25 2.69 ERROR
r-devel-linux-x86_64-debian-gcc 0.2.7 10.50 83.65 94.15 OK
r-devel-linux-x86_64-fedora-clang 0.2.7 155.52 OK
r-devel-linux-x86_64-fedora-gcc 0.2.7 142.09 OK
r-devel-windows-ix86+x86_64 0.2.7 39.00 172.00 211.00 OK
r-patched-linux-x86_64 0.2.7 8.81 106.37 115.18 OK
r-patched-solaris-x86 0.2.7 221.00 OK
r-release-linux-x86_64 0.2.7 0.26 2.36 2.62 ERROR
r-release-macos-x86_64 0.2.7 OK
r-release-windows-ix86+x86_64 0.2.7 46.00 162.00 208.00 OK
r-oldrel-macos-x86_64 0.2.7 ERROR
r-oldrel-windows-ix86+x86_64 0.2.4 29.00 113.00 142.00 OK

Check Details

Version: 0.2.7
Check: package dependencies
Result: ERROR
    Package required but not available: 'qgraph'
    
    See section 'The DESCRIPTION file' in the 'Writing R Extensions'
    manual.
Flavors: r-devel-linux-x86_64-debian-clang, r-release-linux-x86_64

Version: 0.2.7
Check: whether package can be installed
Result: ERROR
    Installation failed.
Flavor: r-oldrel-macos-x86_64