CRAN Package Check Results for Package ICcforest

Last updated on 2024-02-29 06:54:10 CET.

Flavor Version Tinstall Tcheck Ttotal Status Flags
r-devel-linux-x86_64-debian-clang 0.5.1 9.15 106.13 115.28 NOTE
r-devel-linux-x86_64-debian-gcc 0.5.1 8.28 79.17 87.45 NOTE
r-devel-linux-x86_64-fedora-clang 0.5.1 141.63 NOTE
r-devel-linux-x86_64-fedora-gcc 0.5.1 136.17 NOTE
r-devel-windows-x86_64 0.5.1 10.00 89.00 99.00 NOTE
r-patched-linux-x86_64 0.5.1 9.91 102.14 112.05 NOTE
r-release-linux-x86_64 0.5.1 9.09 102.75 111.84 NOTE
r-release-macos-arm64 0.5.1 54.00 NOTE
r-release-macos-x86_64 0.5.1 83.00 NOTE
r-release-windows-x86_64 0.5.1 12.00 114.00 126.00 NOTE
r-oldrel-macos-arm64 0.5.1 51.00 NOTE
r-oldrel-windows-x86_64 0.5.1 12.00 118.00 130.00 NOTE

Check Details

Version: 0.5.1
Check: LazyData
Result: NOTE 'LazyData' is specified without a 'data' directory Flavors: r-devel-linux-x86_64-debian-clang, r-devel-linux-x86_64-debian-gcc, r-devel-linux-x86_64-fedora-clang, r-devel-linux-x86_64-fedora-gcc, r-devel-windows-x86_64, r-patched-linux-x86_64, r-release-linux-x86_64, r-release-macos-arm64, r-release-macos-x86_64, r-release-windows-x86_64, r-oldrel-macos-arm64, r-oldrel-windows-x86_64

Version: 0.5.1
Check: package dependencies
Result: NOTE Package suggested but not available for checking: ‘LTRCtrees’ Flavors: r-release-macos-x86_64, r-oldrel-macos-arm64

Version: 0.5.1
Check: Rd cross-references
Result: NOTE Package unavailable to check Rd xrefs: ‘LTRCtrees’ Flavors: r-release-macos-x86_64, r-oldrel-macos-arm64