Last updated on 2023-09-24 06:53:40 CEST.
Flavor | Version | Tinstall | Tcheck | Ttotal | Status | Flags |
---|---|---|---|---|---|---|
r-devel-linux-x86_64-debian-clang | 0.3.4 | 20.13 | 105.29 | 125.42 | OK | |
r-devel-linux-x86_64-debian-gcc | 0.3.4 | 16.16 | 75.96 | 92.12 | OK | |
r-devel-linux-x86_64-fedora-clang | 0.3.4 | 149.71 | NOTE | |||
r-devel-linux-x86_64-fedora-gcc | 0.3.4 | 150.90 | OK | |||
r-devel-windows-x86_64 | 0.3.4 | 18.00 | 91.00 | 109.00 | OK | |
r-patched-linux-x86_64 | 0.3.4 | 16.83 | 90.48 | 107.31 | OK | |
r-release-linux-x86_64 | 0.3.4 | 17.02 | 95.65 | 112.67 | OK | |
r-release-macos-arm64 | 0.3.4 | 47.00 | OK | |||
r-release-macos-x86_64 | 0.3.4 | 76.00 | OK | |||
r-release-windows-x86_64 | 0.3.4 | 24.00 | 105.00 | 129.00 | OK | |
r-oldrel-macos-arm64 | 0.3.4 | 37.00 | OK | |||
r-oldrel-macos-x86_64 | 0.3.4 | 68.00 | OK | |||
r-oldrel-windows-x86_64 | 0.3.4 | 24.00 | 116.00 | 140.00 | OK |
Version: 0.3.4
Check: package dependencies
Result: NOTE
Imports includes 31 non-default packages.
Importing from so many packages makes the package vulnerable to any of
them becoming unavailable. Move as many as possible to Suggests and
use conditionally.
Flavor: r-devel-linux-x86_64-fedora-clang