CRAN Package Check Results for Package IGoRRR

Last updated on 2022-10-05 06:51:23 CEST.

Flavor Version Tinstall Tcheck Ttotal Status Flags
r-devel-linux-x86_64-debian-clang 0.3.2 17.83 107.31 125.14 OK
r-devel-linux-x86_64-debian-gcc 0.3.2 15.54 79.98 95.52 OK
r-devel-linux-x86_64-fedora-clang 0.3.2 180.66 NOTE
r-devel-linux-x86_64-fedora-gcc 0.3.2 158.24 OK
r-devel-windows-x86_64 0.3.2 38.00 128.00 166.00 OK
r-patched-linux-x86_64 0.3.2 18.42 99.55 117.97 OK
r-release-linux-x86_64 0.3.2 18.59 101.72 120.31 OK
r-release-macos-arm64 0.3.2 43.00 OK
r-release-macos-x86_64 0.3.2 69.00 OK
r-release-windows-x86_64 0.3.2 34.00 126.00 160.00 OK
r-oldrel-macos-arm64 0.3.2 43.00 OK
r-oldrel-macos-x86_64 0.3.2 55.00 OK
r-oldrel-windows-ix86+x86_64 0.3.2 43.00 129.00 172.00 OK

Check Details

Version: 0.3.2
Check: package dependencies
Result: NOTE
    Imports includes 30 non-default packages.
    Importing from so many packages makes the package vulnerable to any of
    them becoming unavailable. Move as many as possible to Suggests and
    use conditionally.
Flavor: r-devel-linux-x86_64-fedora-clang