CRAN Package Check Results for Package INLABMA

Last updated on 2022-01-20 06:49:22 CET.

Flavor Version Tinstall Tcheck Ttotal Status Flags
r-devel-linux-x86_64-debian-clang 0.1-11 NOTE
r-devel-linux-x86_64-debian-gcc 0.1-11 22.88 186.35 209.23 NOTE
r-devel-linux-x86_64-fedora-clang 0.1-11 347.10 OK
r-devel-linux-x86_64-fedora-gcc 0.1-11 336.92 OK
r-devel-windows-x86_64-new-UL 0.1-11 41.00 238.00 279.00 NOTE
r-devel-windows-x86_64-new-TK 0.1-11 NOTE
r-patched-linux-x86_64 0.1-11 20.71 243.59 264.30 NOTE
r-release-linux-x86_64 0.1-11 NOTE
r-release-macos-arm64 0.1-11 NOTE
r-release-macos-x86_64 0.1-11 NOTE
r-release-windows-ix86+x86_64 0.1-11 62.00 258.00 320.00 OK
r-oldrel-macos-x86_64 0.1-11 NOTE
r-oldrel-windows-ix86+x86_64 0.1-11 65.00 268.00 333.00 OK

Check Details

Version: 0.1-11
Check: package dependencies
Result: NOTE
    Package suggested but not available for checking: 'INLA'
Flavors: r-devel-linux-x86_64-debian-clang, r-devel-linux-x86_64-debian-gcc, r-devel-windows-x86_64-new-UL, r-devel-windows-x86_64-new-TK, r-patched-linux-x86_64, r-release-linux-x86_64, r-release-macos-arm64, r-release-macos-x86_64, r-oldrel-macos-x86_64