Last updated on 2023-01-28 07:14:58 CET.
Flavor | Version | Tinstall | Tcheck | Ttotal | Status | Flags |
---|---|---|---|---|---|---|
r-devel-linux-x86_64-debian-clang | 0.1.4 | 51.67 | 33.28 | 84.95 | NOTE | |
r-devel-linux-x86_64-debian-gcc | 0.1.4 | 47.25 | 26.11 | 73.36 | NOTE | |
r-devel-linux-x86_64-fedora-clang | 0.1.4 | 132.19 | NOTE | |||
r-devel-linux-x86_64-fedora-gcc | 0.1.4 | 122.13 | NOTE | |||
r-devel-windows-x86_64 | 0.1.4 | 94.00 | 90.00 | 184.00 | NOTE | |
r-patched-linux-x86_64 | 0.1.4 | 48.73 | 32.71 | 81.44 | NOTE | |
r-release-linux-x86_64 | 0.1.4 | 51.60 | 32.20 | 83.80 | NOTE | |
r-release-macos-arm64 | 0.1.4 | 35.00 | NOTE | |||
r-release-macos-x86_64 | 0.1.4 | 45.00 | NOTE | |||
r-release-windows-x86_64 | 0.1.4 | 129.00 | 94.00 | 223.00 | NOTE | |
r-oldrel-macos-arm64 | 0.1.4 | 42.00 | NOTE | |||
r-oldrel-macos-x86_64 | 0.1.4 | 66.00 | NOTE | |||
r-oldrel-windows-ix86+x86_64 | 0.1.4 | 152.00 | 95.00 | 247.00 | NOTE |
Version: 0.1.4
Check: LazyData
Result: NOTE
'LazyData' is specified without a 'data' directory
Flavors: r-devel-linux-x86_64-debian-clang, r-devel-linux-x86_64-debian-gcc, r-devel-linux-x86_64-fedora-clang, r-devel-linux-x86_64-fedora-gcc, r-devel-windows-x86_64, r-patched-linux-x86_64, r-release-linux-x86_64, r-release-macos-arm64, r-release-macos-x86_64, r-release-windows-x86_64, r-oldrel-macos-arm64, r-oldrel-macos-x86_64, r-oldrel-windows-ix86+x86_64
Version: 0.1.4
Check: C++ specification
Result: NOTE
Specified C++11: please update to current default of C++17
Flavors: r-devel-linux-x86_64-debian-gcc, r-devel-linux-x86_64-fedora-gcc
Version: 0.1.4
Check: installed package size
Result: NOTE
installed size is 6.6Mb
sub-directories of 1Mb or more:
libs 6.4Mb
Flavors: r-release-macos-arm64, r-release-macos-x86_64, r-oldrel-macos-arm64, r-oldrel-macos-x86_64