CRAN Package Check Results for Package IPCAPS

Last updated on 2024-06-14 06:53:36 CEST.

Flavor Version Tinstall Tcheck Ttotal Status Flags
r-devel-linux-x86_64-debian-clang 1.1.8 15.24 190.41 205.65 OK
r-devel-linux-x86_64-debian-gcc 1.1.8 12.15 141.18 153.33 OK
r-devel-linux-x86_64-fedora-clang 1.1.8 253.67 NOTE
r-devel-linux-x86_64-fedora-gcc 1.1.8 244.35 NOTE
r-devel-windows-x86_64 1.1.8 13.00 147.00 160.00 OK
r-patched-linux-x86_64 1.1.8 13.91 188.30 202.21 OK
r-release-linux-x86_64 1.1.8 14.25 184.46 198.71 OK
r-release-macos-arm64 1.1.8 65.00 OK
r-release-macos-x86_64 1.1.8 107.00 OK
r-release-windows-x86_64 1.1.8 12.00 148.00 160.00 OK
r-oldrel-macos-arm64 1.1.8 72.00 OK
r-oldrel-macos-x86_64 1.1.8 126.00 OK
r-oldrel-windows-x86_64 1.1.8 19.00 178.00 197.00 OK

Check Details

Version: 1.1.8
Check: dependencies in R code
Result: NOTE Namespaces in Imports field not imported from: ‘Matrix’ ‘expm’ All declared Imports should be used. Flavors: r-devel-linux-x86_64-fedora-clang, r-devel-linux-x86_64-fedora-gcc