Last updated on 2023-03-27 06:50:10 CEST.
Flavor | Version | Tinstall | Tcheck | Ttotal | Status | Flags |
---|---|---|---|---|---|---|
r-devel-linux-x86_64-debian-clang | 1.0.5 | 3.94 | 294.28 | 298.22 | NOTE | |
r-devel-linux-x86_64-debian-gcc | 1.0.5 | 2.98 | 201.38 | 204.36 | NOTE | |
r-devel-linux-x86_64-fedora-clang | 1.0.5 | 364.19 | NOTE | |||
r-devel-linux-x86_64-fedora-gcc | 1.0.5 | 378.57 | NOTE | |||
r-devel-windows-x86_64 | 1.0.5 | 7.00 | 262.00 | 269.00 | NOTE | |
r-patched-linux-x86_64 | 1.0.5 | 3.02 | 291.29 | 294.31 | NOTE | |
r-release-linux-x86_64 | 1.0.5 | 3.36 | 268.73 | 272.09 | NOTE | |
r-release-macos-arm64 | 1.0.5 | 78.00 | NOTE | |||
r-release-macos-x86_64 | 1.0.5 | 107.00 | NOTE | |||
r-release-windows-x86_64 | 1.0.5 | 16.00 | 287.00 | 303.00 | NOTE | |
r-oldrel-macos-arm64 | 1.0.5 | 95.00 | NOTE | |||
r-oldrel-macos-x86_64 | 1.0.5 | 149.00 | NOTE | |||
r-oldrel-windows-ix86+x86_64 | 1.0.5 | 11.00 | 335.00 | 346.00 | NOTE |
Version: 1.0.5
Check: LazyData
Result: NOTE
'LazyData' is specified without a 'data' directory
Flavors: r-devel-linux-x86_64-debian-clang, r-devel-linux-x86_64-debian-gcc, r-devel-linux-x86_64-fedora-clang, r-devel-linux-x86_64-fedora-gcc, r-devel-windows-x86_64, r-patched-linux-x86_64, r-release-linux-x86_64, r-release-macos-arm64, r-release-macos-x86_64, r-release-windows-x86_64, r-oldrel-macos-arm64, r-oldrel-macos-x86_64, r-oldrel-windows-ix86+x86_64