Last updated on 2023-03-25 05:50:35 CET.
Flavor | Version | Tinstall | Tcheck | Ttotal | Status | Flags |
---|---|---|---|---|---|---|
r-devel-linux-x86_64-debian-clang | 0.6-2 | 2.97 | 30.15 | 33.12 | OK | |
r-devel-linux-x86_64-debian-gcc | 0.6-2 | 1.69 | 23.47 | 25.16 | OK | |
r-devel-linux-x86_64-fedora-clang | 0.6-2 | 43.04 | NOTE | |||
r-devel-linux-x86_64-fedora-gcc | 0.6-2 | 42.22 | OK | |||
r-devel-windows-x86_64 | 0.6-2 | 8.00 | 65.00 | 73.00 | OK | |
r-patched-linux-x86_64 | 0.6-2 | 2.45 | 31.09 | 33.54 | OK | |
r-release-linux-x86_64 | 0.6-2 | 3.42 | 31.65 | 35.07 | OK | |
r-release-macos-arm64 | 0.6-2 | 17.00 | OK | |||
r-release-macos-x86_64 | 0.6-2 | 22.00 | OK | |||
r-release-windows-x86_64 | 0.6-2 | 14.00 | 71.00 | 85.00 | OK | |
r-oldrel-macos-arm64 | 0.6-2 | 21.00 | OK | |||
r-oldrel-macos-x86_64 | 0.6-2 | 27.00 | OK | |||
r-oldrel-windows-ix86+x86_64 | 0.6-2 | 6.00 | 57.00 | 63.00 | OK |
Version: 0.6-2
Check: Rd cross-references
Result: NOTE
Undeclared package ‘surveillance’ in Rd xrefs
Flavor: r-devel-linux-x86_64-fedora-clang