CRAN Package Check Results for Package IceSat2R

Last updated on 2022-10-05 06:51:23 CEST.

Flavor Version Tinstall Tcheck Ttotal Status Flags
r-devel-linux-x86_64-debian-clang 1.0.3 11.05 164.12 175.17 OK
r-devel-linux-x86_64-debian-gcc 1.0.3 9.94 119.34 129.28 OK
r-devel-linux-x86_64-fedora-clang 1.0.3 235.80 NOTE
r-devel-linux-x86_64-fedora-gcc 1.0.3 235.54 NOTE
r-devel-windows-x86_64 1.0.3 49.00 275.00 324.00 OK
r-patched-linux-x86_64 1.0.3 7.87 151.30 159.17 OK
r-release-linux-x86_64 1.0.3 11.26 147.00 158.26 OK
r-release-macos-arm64 1.0.3 77.00 NOTE
r-release-macos-x86_64 1.0.3 124.00 NOTE
r-release-windows-x86_64 1.0.3 33.00 255.00 288.00 OK
r-oldrel-macos-arm64 1.0.3 83.00 NOTE
r-oldrel-macos-x86_64 1.0.3 126.00 NOTE
r-oldrel-windows-ix86+x86_64 1.0.3 30.00 266.00 296.00 OK

Check Details

Version: 1.0.3
Check: data for non-ASCII characters
Result: NOTE
     Note: found 10 marked UTF-8 strings
Flavors: r-devel-linux-x86_64-fedora-clang, r-devel-linux-x86_64-fedora-gcc, r-release-macos-arm64, r-release-macos-x86_64, r-oldrel-macos-arm64, r-oldrel-macos-x86_64

Version: 1.0.3
Check: for detritus in the temp directory
Result: NOTE
    Found the following files/directories:
     ‘Crashpad’
Flavors: r-devel-linux-x86_64-fedora-clang, r-devel-linux-x86_64-fedora-gcc