CRAN Package Check Results for Package IndexConstruction

Last updated on 2022-10-04 06:56:26 CEST.

Flavor Version Tinstall Tcheck Ttotal Status Flags
r-devel-linux-x86_64-debian-clang 0.1-3 23.95 166.98 190.93 OK
r-devel-linux-x86_64-debian-gcc 0.1-3 17.03 122.56 139.59 OK
r-devel-linux-x86_64-fedora-clang 0.1-3 262.65 OK
r-devel-linux-x86_64-fedora-gcc 0.1-3 245.98 OK
r-devel-windows-x86_64 0.1-3 52.00 192.00 244.00 OK
r-patched-linux-x86_64 0.1-3 22.15 159.74 181.89 OK
r-release-linux-x86_64 0.1-3 21.07 164.45 185.52 OK
r-release-macos-arm64 0.1-3 46.00 OK
r-release-macos-x86_64 0.1-3 8.00 ERROR
r-release-windows-x86_64 0.1-3 89.00 172.00 261.00 OK
r-oldrel-macos-arm64 0.1-3 50.00 OK
r-oldrel-macos-x86_64 0.1-3 81.00 OK
r-oldrel-windows-ix86+x86_64 0.1-3 42.00 169.00 211.00 OK

Check Details

Version: 0.1-3
Check: package dependencies
Result: ERROR
    Package required but not available: ‘RcppBDT’
    
    See section ‘The DESCRIPTION file’ in the ‘Writing R Extensions’
    manual.
Flavor: r-release-macos-x86_64