CRAN Package Check Results for Package IntClust

Last updated on 2020-08-11 06:47:24 CEST.

Flavor Version Tinstall Tcheck Ttotal Status Flags
r-devel-linux-x86_64-debian-clang 0.1.0 28.05 207.28 235.33 OK
r-devel-linux-x86_64-debian-gcc 0.1.0 21.81 152.70 174.51 OK
r-devel-linux-x86_64-fedora-clang 0.1.0 283.12 NOTE
r-devel-linux-x86_64-fedora-gcc 0.1.0 274.32 OK
r-devel-windows-ix86+x86_64 0.1.0 57.00 339.00 396.00 OK
r-patched-linux-x86_64 0.1.0 29.08 202.74 231.82 OK
r-patched-solaris-x86 0.1.0 373.60 OK
r-release-linux-x86_64 0.1.0 26.55 198.93 225.48 OK
r-release-macos-x86_64 0.1.0 NOTE
r-release-windows-ix86+x86_64 0.1.0 67.00 299.00 366.00 OK
r-oldrel-macos-x86_64 0.1.0 NOTE
r-oldrel-windows-ix86+x86_64 0.1.0 41.00 217.00 258.00 OK

Check Details

Version: 0.1.0
Check: package dependencies
Result: NOTE
    Imports includes 21 non-default packages.
    Importing from so many packages makes the package vulnerable to any of
    them becoming unavailable. Move as many as possible to Suggests and
    use conditionally.
Flavor: r-devel-linux-x86_64-fedora-clang

Version: 0.1.0
Check: package dependencies
Result: NOTE
    Packages suggested but not available for checking: 'MLP', 'a4Base'
Flavor: r-release-macos-x86_64

Version: 0.1.0
Check: package dependencies
Result: NOTE
    Packages suggested but not available for checking:
     'MLP', 'org.Hs.eg.db', 'a4Base'
Flavor: r-oldrel-macos-x86_64