Last updated on 2022-06-26 06:50:39 CEST.
Flavor | Version | Tinstall | Tcheck | Ttotal | Status | Flags |
---|---|---|---|---|---|---|
r-devel-linux-x86_64-debian-clang | 1.0 | 14.28 | 94.02 | 108.30 | NOTE | |
r-devel-linux-x86_64-debian-gcc | 1.0 | 10.63 | 70.11 | 80.74 | NOTE | |
r-devel-linux-x86_64-fedora-clang | 1.0 | 143.41 | NOTE | |||
r-devel-linux-x86_64-fedora-gcc | 1.0 | 140.19 | NOTE | |||
r-devel-windows-x86_64 | 1.0 | 45.00 | 98.00 | 143.00 | NOTE | |
r-patched-linux-x86_64 | 1.0 | 14.69 | 97.73 | 112.42 | NOTE | |
r-release-linux-x86_64 | 1.0 | 14.11 | 100.98 | 115.09 | NOTE | |
r-release-macos-arm64 | 1.0 | 57.00 | NOTE | |||
r-release-macos-x86_64 | 1.0 | 80.00 | NOTE | |||
r-release-windows-x86_64 | 1.0 | 40.00 | 94.00 | 134.00 | NOTE | |
r-oldrel-macos-arm64 | 1.0 | 81.00 | NOTE | |||
r-oldrel-macos-x86_64 | 1.0 | 88.00 | NOTE | |||
r-oldrel-windows-ix86+x86_64 | 1.0 | 22.00 | 87.00 | 109.00 | NOTE |
Version: 1.0
Check: LazyData
Result: NOTE
'LazyData' is specified without a 'data' directory
Flavors: r-devel-linux-x86_64-debian-clang, r-devel-linux-x86_64-debian-gcc, r-devel-linux-x86_64-fedora-clang, r-devel-linux-x86_64-fedora-gcc, r-devel-windows-x86_64, r-patched-linux-x86_64, r-release-linux-x86_64, r-release-macos-arm64, r-release-macos-x86_64, r-release-windows-x86_64, r-oldrel-macos-arm64, r-oldrel-macos-x86_64, r-oldrel-windows-ix86+x86_64