CRAN Package Check Results for Package InvStablePrior

Last updated on 2024-06-22 07:49:31 CEST.

Flavor Version Tinstall Tcheck Ttotal Status Flags
r-devel-linux-x86_64-debian-clang 0.1.1 2.60 29.23 31.83 OK
r-devel-linux-x86_64-debian-gcc 0.1.1 1.86 22.98 24.84 OK
r-devel-linux-x86_64-fedora-clang 0.1.1 37.23 NOTE
r-devel-linux-x86_64-fedora-gcc 0.1.1 39.09 NOTE
r-devel-windows-x86_64 0.1.1 5.00 50.00 55.00 OK
r-patched-linux-x86_64 0.1.1 2.67 28.97 31.64 OK
r-release-linux-x86_64 0.1.1 2.11 28.10 30.21 OK
r-release-macos-arm64 0.1.1 18.00 OK
r-release-macos-x86_64 0.1.1 24.00 OK
r-release-windows-x86_64 0.1.1 5.00 50.00 55.00 OK
r-oldrel-macos-arm64 0.1.1 17.00 OK
r-oldrel-macos-x86_64 0.1.1 29.00 OK
r-oldrel-windows-x86_64 0.1.1 4.00 56.00 60.00 OK

Check Details

Version: 0.1.1
Check: dependencies in R code
Result: NOTE Namespaces in Imports field not imported from: ‘fdrtool’ ‘nimble’ All declared Imports should be used. Flavors: r-devel-linux-x86_64-fedora-clang, r-devel-linux-x86_64-fedora-gcc