CRAN Package Check Results for Package JFM

Last updated on 2025-01-19 06:48:24 CET.

Flavor Version Tinstall Tcheck Ttotal Status Flags
r-devel-linux-x86_64-debian-clang 1.0 27.60 61.42 89.02 NOTE
r-devel-linux-x86_64-debian-gcc 1.0 19.82 52.90 72.72 NOTE
r-devel-linux-x86_64-fedora-clang 1.0 150.51 NOTE
r-devel-linux-x86_64-fedora-gcc 1.0 147.93 NOTE
r-devel-windows-x86_64 1.0 34.00 110.00 144.00 NOTE
r-patched-linux-x86_64 1.0 28.67 58.73 87.40 NOTE
r-release-linux-x86_64 1.0 25.69 58.41 84.10 NOTE
r-release-macos-arm64 1.0 41.00 NOTE
r-release-macos-x86_64 1.0 87.00 NOTE
r-release-windows-x86_64 1.0 31.00 102.00 133.00 NOTE
r-oldrel-macos-arm64 1.0 42.00 NOTE
r-oldrel-macos-x86_64 1.0 63.00 NOTE
r-oldrel-windows-x86_64 1.0 39.00 119.00 158.00 NOTE

Check Details

Version: 1.0
Check: C++ specification
Result: NOTE Specified C++11: please drop specification unless essential Flavors: r-devel-linux-x86_64-debian-clang, r-devel-linux-x86_64-debian-gcc, r-devel-linux-x86_64-fedora-clang, r-devel-linux-x86_64-fedora-gcc, r-devel-windows-x86_64, r-patched-linux-x86_64, r-release-linux-x86_64, r-release-macos-arm64, r-release-macos-x86_64, r-release-windows-x86_64, r-oldrel-macos-arm64, r-oldrel-macos-x86_64, r-oldrel-windows-x86_64

Version: 1.0
Check: installed package size
Result: NOTE installed size is 7.4Mb sub-directories of 1Mb or more: extdata 5.5Mb libs 1.7Mb Flavors: r-release-macos-arm64, r-release-macos-x86_64, r-release-windows-x86_64, r-oldrel-macos-arm64, r-oldrel-macos-x86_64, r-oldrel-windows-x86_64