Last updated on 2023-01-28 07:14:58 CET.
Flavor | Version | Tinstall | Tcheck | Ttotal | Status | Flags |
---|---|---|---|---|---|---|
r-devel-linux-x86_64-debian-clang | 1.0 | 44.11 | 76.09 | 120.20 | OK | |
r-devel-linux-x86_64-debian-gcc | 1.0 | 31.19 | 58.39 | 89.58 | NOTE | |
r-devel-linux-x86_64-fedora-clang | 1.0 | 168.93 | NOTE | |||
r-devel-linux-x86_64-fedora-gcc | 1.0 | 154.07 | NOTE | |||
r-devel-windows-x86_64 | 1.0 | 51.00 | 132.00 | 183.00 | NOTE | |
r-patched-linux-x86_64 | 1.0 | 36.52 | 74.66 | 111.18 | OK | |
r-release-linux-x86_64 | 1.0 | 27.15 | 75.29 | 102.44 | OK | |
r-release-macos-arm64 | 1.0 | 39.00 | NOTE | |||
r-release-macos-x86_64 | 1.0 | 53.00 | NOTE | |||
r-release-windows-x86_64 | 1.0 | 152.00 | 121.00 | 273.00 | NOTE | |
r-oldrel-macos-arm64 | 1.0 | 35.00 | NOTE | |||
r-oldrel-macos-x86_64 | 1.0 | 52.00 | NOTE | |||
r-oldrel-windows-ix86+x86_64 | 1.0 | 101.00 | 157.00 | 258.00 | NOTE |
Version: 1.0
Check: C++ specification
Result: NOTE
Specified C++11: please update to current default of C++17
Flavors: r-devel-linux-x86_64-debian-gcc, r-devel-linux-x86_64-fedora-clang, r-devel-linux-x86_64-fedora-gcc
Version: 1.0
Check: installed package size
Result: NOTE
installed size is 5.9Mb
sub-directories of 1Mb or more:
extdata 5.5Mb
Flavors: r-devel-linux-x86_64-fedora-clang, r-devel-windows-x86_64, r-release-macos-arm64, r-release-macos-x86_64, r-release-windows-x86_64, r-oldrel-macos-arm64, r-oldrel-macos-x86_64, r-oldrel-windows-ix86+x86_64