CRAN Package Check Results for Package JMdesign

Last updated on 2020-08-05 06:47:26 CEST.

Flavor Version Tinstall Tcheck Ttotal Status Flags
r-devel-linux-x86_64-debian-clang 1.1 2.67 23.11 25.78 NOTE
r-devel-linux-x86_64-debian-gcc 1.1 2.10 18.08 20.18 NOTE
r-devel-linux-x86_64-fedora-clang 1.1 39.18 NOTE
r-devel-linux-x86_64-fedora-gcc 1.1 29.92 NOTE
r-devel-windows-ix86+x86_64 1.1 9.00 45.00 54.00 NOTE
r-patched-linux-x86_64 1.1 2.32 22.87 25.19 NOTE
r-patched-solaris-x86 1.1 49.30 NOTE
r-release-linux-x86_64 1.1 2.79 22.85 25.64 NOTE
r-release-macos-x86_64 1.1 NOTE
r-release-windows-ix86+x86_64 1.1 6.00 33.00 39.00 NOTE
r-oldrel-macos-x86_64 1.1 NOTE
r-oldrel-windows-ix86+x86_64 1.1 5.00 51.00 56.00 NOTE

Check Details

Version: 1.1
Check: R code for possible problems
Result: NOTE
    powerLongSurv: no visible global function definition for 'qnorm'
    powerLongSurv: no visible global function definition for 'pnorm'
    Undefined global functions or variables:
     pnorm qnorm
    Consider adding
     importFrom("stats", "pnorm", "qnorm")
    to your NAMESPACE file.
Flavors: r-devel-linux-x86_64-debian-clang, r-devel-linux-x86_64-debian-gcc, r-devel-linux-x86_64-fedora-clang, r-devel-linux-x86_64-fedora-gcc, r-devel-windows-ix86+x86_64, r-patched-linux-x86_64, r-patched-solaris-x86, r-release-linux-x86_64, r-release-macos-x86_64, r-release-windows-ix86+x86_64, r-oldrel-macos-x86_64, r-oldrel-windows-ix86+x86_64