CRAN Package Check Results for Package JOPS

Last updated on 2024-03-02 06:51:58 CET.

Flavor Version Tinstall Tcheck Ttotal Status Flags
r-devel-linux-x86_64-debian-clang 0.1.19 20.35 199.23 219.58 OK
r-devel-linux-x86_64-debian-gcc 0.1.19 16.42 147.16 163.58 OK
r-devel-linux-x86_64-fedora-clang 0.1.19 271.81 OK
r-devel-linux-x86_64-fedora-gcc 0.1.19 263.90 OK
r-devel-windows-x86_64 0.1.19 19.00 182.00 201.00 OK
r-patched-linux-x86_64 0.1.19 21.55 198.02 219.57 OK
r-release-linux-x86_64 0.1.19 15.01 195.60 210.61 OK
r-release-macos-arm64 0.1.19 93.00 OK
r-release-macos-x86_64 0.1.19 209.00 NOTE
r-release-windows-x86_64 0.1.19 26.00 215.00 241.00 OK
r-oldrel-macos-arm64 0.1.19 88.00 OK
r-oldrel-windows-x86_64 0.1.19 25.00 198.00 223.00 OK

Check Details

Version: 0.1.19
Check: installed package size
Result: NOTE installed size is 5.6Mb sub-directories of 1Mb or more: data 5.1Mb Flavor: r-release-macos-x86_64