CRAN Package Check Results for Package JointAI

Last updated on 2022-01-18 06:52:50 CET.

Flavor Version Tinstall Tcheck Ttotal Status Flags
r-devel-linux-x86_64-debian-clang 1.0.3 15.38 167.22 182.60 OK
r-devel-linux-x86_64-debian-gcc 1.0.3 14.57 138.17 152.74 OK
r-devel-linux-x86_64-fedora-clang 1.0.3 230.70 OK
r-devel-linux-x86_64-fedora-gcc 1.0.3 223.34 OK
r-devel-windows-x86_64-new-UL 1.0.3 261.00 205.00 466.00 OK
r-devel-windows-x86_64-new-TK 1.0.3 NOTE
r-patched-linux-x86_64 1.0.3 16.67 155.74 172.41 OK
r-release-linux-x86_64 1.0.3 OK
r-release-macos-arm64 1.0.3 OK
r-release-macos-x86_64 1.0.3 OK
r-release-windows-ix86+x86_64 1.0.3 29.00 181.00 210.00 OK
r-oldrel-macos-x86_64 1.0.3 OK
r-oldrel-windows-ix86+x86_64 1.0.3 29.00 173.00 202.00 OK

Check Details

Version: 1.0.3
Check: package dependencies
Result: NOTE
    Package suggested but not available for checking: 'ggpubr'
Flavor: r-devel-windows-x86_64-new-TK