CRAN Package Check Results for Package KDViz

Last updated on 2020-08-13 06:47:32 CEST.

Flavor Version Tinstall Tcheck Ttotal Status Flags
r-devel-linux-x86_64-debian-clang 1.3.1 5.51 101.17 106.68 NOTE
r-devel-linux-x86_64-debian-gcc 1.3.1 4.18 75.44 79.62 NOTE
r-devel-linux-x86_64-fedora-clang 1.3.1 130.21 NOTE
r-devel-linux-x86_64-fedora-gcc 1.3.1 121.18 NOTE
r-devel-windows-ix86+x86_64 1.3.1 13.00 176.00 189.00 OK
r-patched-linux-x86_64 1.3.1 4.38 98.65 103.03 NOTE
r-patched-solaris-x86 1.3.1 222.20 NOTE
r-release-linux-x86_64 1.3.1 5.38 97.01 102.39 NOTE
r-release-macos-x86_64 1.3.1 NOTE
r-release-windows-ix86+x86_64 1.3.1 18.00 170.00 188.00 OK
r-oldrel-macos-x86_64 1.3.1 NOTE
r-oldrel-windows-ix86+x86_64 1.3.1 10.00 118.00 128.00 OK

Check Details

Version: 1.3.1
Check: for non-standard things in the check directory
Result: NOTE
    Found the following files/directories:
     'KDVizGroup1.html' 'KDVizGroup1_files'
Flavors: r-devel-linux-x86_64-debian-clang, r-devel-linux-x86_64-debian-gcc, r-devel-linux-x86_64-fedora-clang, r-devel-linux-x86_64-fedora-gcc, r-patched-linux-x86_64, r-patched-solaris-x86, r-release-linux-x86_64

Version: 1.3.1
Check: data for non-ASCII characters
Result: NOTE
     Note: found 11 marked UTF-8 strings
Flavors: r-devel-linux-x86_64-fedora-clang, r-devel-linux-x86_64-fedora-gcc, r-patched-solaris-x86, r-release-macos-x86_64, r-oldrel-macos-x86_64