Last updated on 2021-01-16 06:51:11 CET.
Flavor | Version | Tinstall | Tcheck | Ttotal | Status | Flags |
---|---|---|---|---|---|---|
r-devel-linux-x86_64-debian-clang | 0.1.0 | 2.15 | 19.79 | 21.94 | OK | |
r-devel-linux-x86_64-debian-gcc | 0.1.0 | 1.56 | 15.80 | 17.36 | OK | |
r-devel-linux-x86_64-fedora-clang | 0.1.0 | 36.67 | NOTE | |||
r-devel-linux-x86_64-fedora-gcc | 0.1.0 | 24.82 | NOTE | |||
r-devel-windows-ix86+x86_64 | 0.1.0 | 5.00 | 25.00 | 30.00 | OK | |
r-patched-linux-x86_64 | 0.1.0 | 2.22 | 18.96 | 21.18 | OK | |
r-patched-solaris-x86 | 0.1.0 | 42.90 | NOTE | |||
r-release-linux-x86_64 | 0.1.0 | 2.01 | 19.57 | 21.58 | OK | |
r-release-macos-x86_64 | 0.1.0 | NOTE | ||||
r-release-windows-ix86+x86_64 | 0.1.0 | 6.00 | 29.00 | 35.00 | OK | |
r-oldrel-macos-x86_64 | 0.1.0 | NOTE | ||||
r-oldrel-windows-ix86+x86_64 | 0.1.0 | 4.00 | 38.00 | 42.00 | OK |
Version: 0.1.0
Check: dependencies in R code
Result: NOTE
Namespaces in Imports field not imported from:
‘FNN’ ‘caret’ ‘datasets’ ‘dplyr’ ‘e1071’ ‘psycho’ ‘rhandsontable’
‘shiny’
All declared Imports should be used.
Flavors: r-devel-linux-x86_64-fedora-clang, r-devel-linux-x86_64-fedora-gcc, r-patched-solaris-x86, r-release-macos-x86_64, r-oldrel-macos-x86_64