CRAN Package Check Results for Package KneeArrower

Last updated on 2022-08-15 06:49:10 CEST.

Flavor Version Tinstall Tcheck Ttotal Status Flags
r-devel-linux-x86_64-debian-clang 1.0.0 1.36 27.19 28.55 NOTE
r-devel-linux-x86_64-debian-gcc 1.0.0 1.42 21.09 22.51 NOTE
r-devel-linux-x86_64-fedora-clang 1.0.0 46.01 NOTE
r-devel-linux-x86_64-fedora-gcc 1.0.0 44.80 NOTE
r-devel-windows-x86_64 1.0.0 5.00 53.00 58.00 NOTE
r-patched-linux-x86_64 1.0.0 1.94 26.50 28.44 NOTE
r-release-linux-x86_64 1.0.0 1.87 26.58 28.45 NOTE
r-release-macos-arm64 1.0.0 17.00 NOTE
r-release-macos-x86_64 1.0.0 25.00 NOTE
r-release-windows-x86_64 1.0.0 18.00 53.00 71.00 NOTE
r-oldrel-macos-arm64 1.0.0 18.00 NOTE
r-oldrel-macos-x86_64 1.0.0 28.00 NOTE
r-oldrel-windows-ix86+x86_64 1.0.0 6.00 47.00 53.00 NOTE

Check Details

Version: 1.0.0
Check: LazyData
Result: NOTE
     'LazyData' is specified without a 'data' directory
Flavors: r-devel-linux-x86_64-debian-clang, r-devel-linux-x86_64-debian-gcc, r-devel-linux-x86_64-fedora-clang, r-devel-linux-x86_64-fedora-gcc, r-devel-windows-x86_64, r-patched-linux-x86_64, r-release-linux-x86_64, r-release-macos-arm64, r-release-macos-x86_64, r-release-windows-x86_64, r-oldrel-macos-arm64, r-oldrel-macos-x86_64, r-oldrel-windows-ix86+x86_64